{"id":1036,"date":"2023-03-21T16:07:50","date_gmt":"2023-03-21T16:07:50","guid":{"rendered":"https:\/\/test.pulchlorenz.de\/?product=zeiss-auslegerstativ-b"},"modified":"2023-03-21T16:07:50","modified_gmt":"2023-03-21T16:07:50","slug":"zeiss-auslegerstativ-b","status":"publish","type":"product","link":"https:\/\/test.pulchlorenz.de\/?product=zeiss-auslegerstativ-b","title":{"rendered":"Zeiss Auslegerstativ B"},"content":{"rendered":"<p>Das Ausleger-Tischstativ B von Zeiss beinhaltet neben stabilen 20kg schweren Standfu\u00df zwei S\u00e4ulen (450mm und 650mm), das Montage-Set Auslegerstativ B&#8220; inkl Neigekopf, Kreuzst\u00fcck udn Sicherheitsring.  Passend f\u00fcr Stemi 305 und Stemi 508 Mikroskope und auch f\u00fcr SteREO Discovery Konfigurationen bis zu 5kg geeignet. &#8222;<\/p>\n","protected":false},"excerpt":{"rendered":"<p>Das Ausleger-Tischstativ B von Zeiss beinhaltet neben stabilen 20kg schweren Standfu\u00df zwei S\u00e4ulen (450mm und 650mm), das Montage-Set Auslegerstativ B&#8220; inkl Neigekopf, Kreuzst\u00fcck udn Sicherheitsring. Passend f\u00fcr Stemi 305 und Stemi 508 Mikroskope und auch f\u00fcr SteREO Discovery Konfigurationen bis zu 5kg geeignet. &#8222;<\/p>\n","protected":false},"featured_media":0,"comment_status":"open","ping_status":"closed","template":"","meta":[],"product_brand":[],"product_cat":[15],"product_tag":[],"class_list":{"0":"post-1036","1":"product","2":"type-product","3":"status-publish","5":"product_cat-unkategorisiert","7":"first","8":"instock","9":"taxable","10":"shipping-taxable","11":"purchasable","12":"product-type-simple"},"jetpack_sharing_enabled":true,"_links":{"self":[{"href":"https:\/\/test.pulchlorenz.de\/index.php?rest_route=\/wp\/v2\/product\/1036","targetHints":{"allow":["GET"]}}],"collection":[{"href":"https:\/\/test.pulchlorenz.de\/index.php?rest_route=\/wp\/v2\/product"}],"about":[{"href":"https:\/\/test.pulchlorenz.de\/index.php?rest_route=\/wp\/v2\/types\/product"}],"replies":[{"embeddable":true,"href":"https:\/\/test.pulchlorenz.de\/index.php?rest_route=%2Fwp%2Fv2%2Fcomments&post=1036"}],"wp:attachment":[{"href":"https:\/\/test.pulchlorenz.de\/index.php?rest_route=%2Fwp%2Fv2%2Fmedia&parent=1036"}],"wp:term":[{"taxonomy":"product_brand","embeddable":true,"href":"https:\/\/test.pulchlorenz.de\/index.php?rest_route=%2Fwp%2Fv2%2Fproduct_brand&post=1036"},{"taxonomy":"product_cat","embeddable":true,"href":"https:\/\/test.pulchlorenz.de\/index.php?rest_route=%2Fwp%2Fv2%2Fproduct_cat&post=1036"},{"taxonomy":"product_tag","embeddable":true,"href":"https:\/\/test.pulchlorenz.de\/index.php?rest_route=%2Fwp%2Fv2%2Fproduct_tag&post=1036"}],"curies":[{"name":"wp","href":"https:\/\/api.w.org\/{rel}","templated":true}]}}