{"id":1067,"date":"2023-03-21T16:07:56","date_gmt":"2023-03-21T16:07:56","guid":{"rendered":"https:\/\/test.pulchlorenz.de\/?product=mikroskop-axiovert-5-digital-integrierte-farbkamera"},"modified":"2023-03-21T16:07:56","modified_gmt":"2023-03-21T16:07:56","slug":"mikroskop-axiovert-5-digital-integrierte-farbkamera","status":"publish","type":"product","link":"https:\/\/test.pulchlorenz.de\/?product=mikroskop-axiovert-5-digital-integrierte-farbkamera","title":{"rendered":"Mikroskop Axiovert 5 digital; integrierte Farbkamera"},"content":{"rendered":"<p>Komplette Stativausstattung Axiovert 5 digital mit integrierter Farbkamera; geeignet f\u00fcr Durchlicht-Hellfeld, Phasenkontrast Ph1 und Fluoreszenz RGB-UV. Okularlose Technologie, vorbereitet f\u00fcr Tablet- und Wi-Fi Nutzung.  Tablet-Halterung f\u00fcr Apple\u00ae iPad Pro\u00ae 4.\/5. Generation 12,9 oder Microsoft Surface Pro 7 (CPU: i5 oder h\u00f6her, RAM: 8 GB oder h\u00f6her) 12.3&#8243;,Microsoft Surface Pro 8 (CPU: i5 oder h\u00f6her, RAM: 8 GB oder h\u00f6her) 13.0&#8243;, h\u00f6hen- und winkelverstellbar  Objektivrevolver 6-fach H M27, kodiert  Reflektorrevolver 6-fach, kodiert f\u00fcr P &#038; C Module  manueller Grob-\/Fein-Fokustrieb  Fokushub 13 mm mit einstellbarem Fokusstopp  Ausl\u00f6ser f\u00fcr integrierte Kamera  Tr\u00e4ger Durchlichtbeleuchtung mit Wei\u00dflicht LED 10W (durchschnittliche LED-Lebensdauer > 60000 h) und Phosphoreszenzblockfilter  Lichtschutz zur Abschirmung des Umgebungslichts  Objekttisch 232&#215;230 mit Harteloxal-Beschichtung  Objektf\u00fchrer M 130&#215;85 R\/L  Halterahmen Flex M und Eins\u00e4tze f\u00fcr: Mikrotiterplatten, Flaschen und Petrischalen d=95 mm<\/p>\n","protected":false},"excerpt":{"rendered":"<p>Komplette Stativausstattung Axiovert 5 digital mit integrierter Farbkamera; geeignet f\u00fcr Durchlicht-Hellfeld, Phasenkontrast Ph1 und Fluoreszenz RGB-UV. Okularlose Technologie, vorbereitet f\u00fcr Tablet- und Wi-Fi Nutzung. Tablet-Halterung f\u00fcr Apple\u00ae iPad Pro\u00ae 4.\/5. Generation 12,9 oder Microsoft Surface Pro 7 (CPU: i5 oder h\u00f6her, RAM: 8 GB oder h\u00f6her) 12.3&#8243;,Microsoft Surface Pro 8 (CPU: i5 oder h\u00f6her, RAM: [&hellip;]<\/p>\n","protected":false},"featured_media":0,"comment_status":"open","ping_status":"closed","template":"","meta":[],"product_brand":[],"product_cat":[15],"product_tag":[],"class_list":{"0":"post-1067","1":"product","2":"type-product","3":"status-publish","5":"product_cat-unkategorisiert","7":"first","8":"instock","9":"taxable","10":"shipping-taxable","11":"product-type-simple"},"jetpack_sharing_enabled":true,"_links":{"self":[{"href":"https:\/\/test.pulchlorenz.de\/index.php?rest_route=\/wp\/v2\/product\/1067","targetHints":{"allow":["GET"]}}],"collection":[{"href":"https:\/\/test.pulchlorenz.de\/index.php?rest_route=\/wp\/v2\/product"}],"about":[{"href":"https:\/\/test.pulchlorenz.de\/index.php?rest_route=\/wp\/v2\/types\/product"}],"replies":[{"embeddable":true,"href":"https:\/\/test.pulchlorenz.de\/index.php?rest_route=%2Fwp%2Fv2%2Fcomments&post=1067"}],"wp:attachment":[{"href":"https:\/\/test.pulchlorenz.de\/index.php?rest_route=%2Fwp%2Fv2%2Fmedia&parent=1067"}],"wp:term":[{"taxonomy":"product_brand","embeddable":true,"href":"https:\/\/test.pulchlorenz.de\/index.php?rest_route=%2Fwp%2Fv2%2Fproduct_brand&post=1067"},{"taxonomy":"product_cat","embeddable":true,"href":"https:\/\/test.pulchlorenz.de\/index.php?rest_route=%2Fwp%2Fv2%2Fproduct_cat&post=1067"},{"taxonomy":"product_tag","embeddable":true,"href":"https:\/\/test.pulchlorenz.de\/index.php?rest_route=%2Fwp%2Fv2%2Fproduct_tag&post=1067"}],"curies":[{"name":"wp","href":"https:\/\/api.w.org\/{rel}","templated":true}]}}