{"id":1135,"date":"2023-03-21T16:08:11","date_gmt":"2023-03-21T16:08:11","guid":{"rendered":"https:\/\/test.pulchlorenz.de\/?product=primostar-3-fix-k-bi-sf20-4-pos-d0"},"modified":"2023-03-21T16:08:11","modified_gmt":"2023-03-21T16:08:11","slug":"primostar-3-fix-k-bi-sf20-4-pos-d0","status":"publish","type":"product","link":"https:\/\/test.pulchlorenz.de\/?product=primostar-3-fix-k-bi-sf20-4-pos-d0","title":{"rendered":"Primostar 3, Fix-K., Bi, SF20, 4 Pos., D=0"},"content":{"rendered":"<p>Komplettausr\u00fcstung mit Stativ Fixed-K\u00f6hler mit Griff einschlie\u00dflich  \t Durchlichtbeleuchtung LED 1W Wei\u00dflicht, 5700K\u00a0 \t Objektivrevolver 4-fach, nach hinten geneigt\u00a0 \t Kreuztisch 75&#215;40, Trieb rechtsund Objekthalter f\u00fcr einen Objekttr\u00e4ger mit Federhebel links\u00a0 \t binokularem Tubus 25\u00b0\/20\u00a0 \t Okularen 10x\/20 Br. foc. mit Augenmuscheln \t Objektiven iPlan-Achromat D=0 ohne Deckglas, 10x, 20x, 40x und 100x \u00d6l\u00a0 \t Abbe-Kondensor 0,9\/1,25 mit Slot\u00a0 \t 5V USB-Anschluss \t \u00d6ler mit 5ml Immersions\u00f6l\u00a0 \t l\u00e4nderspezifische Netzleitung\u00a0 \t Staubschutzh\u00fclle \t 5 Jahre Garantie<\/p>\n","protected":false},"excerpt":{"rendered":"<p>Komplettausr\u00fcstung mit Stativ Fixed-K\u00f6hler mit Griff einschlie\u00dflich Durchlichtbeleuchtung LED 1W Wei\u00dflicht, 5700K\u00a0 Objektivrevolver 4-fach, nach hinten geneigt\u00a0 Kreuztisch 75&#215;40, Trieb rechtsund Objekthalter f\u00fcr einen Objekttr\u00e4ger mit Federhebel links\u00a0 binokularem Tubus 25\u00b0\/20\u00a0 Okularen 10x\/20 Br. foc. mit Augenmuscheln Objektiven iPlan-Achromat D=0 ohne Deckglas, 10x, 20x, 40x und 100x \u00d6l\u00a0 Abbe-Kondensor 0,9\/1,25 mit Slot\u00a0 5V USB-Anschluss \u00d6ler [&hellip;]<\/p>\n","protected":false},"featured_media":0,"comment_status":"open","ping_status":"closed","template":"","meta":[],"product_brand":[],"product_cat":[15],"product_tag":[],"class_list":{"0":"post-1135","1":"product","2":"type-product","3":"status-publish","5":"product_cat-unkategorisiert","7":"first","8":"instock","9":"taxable","10":"shipping-taxable","11":"purchasable","12":"product-type-simple"},"jetpack_sharing_enabled":true,"_links":{"self":[{"href":"https:\/\/test.pulchlorenz.de\/index.php?rest_route=\/wp\/v2\/product\/1135","targetHints":{"allow":["GET"]}}],"collection":[{"href":"https:\/\/test.pulchlorenz.de\/index.php?rest_route=\/wp\/v2\/product"}],"about":[{"href":"https:\/\/test.pulchlorenz.de\/index.php?rest_route=\/wp\/v2\/types\/product"}],"replies":[{"embeddable":true,"href":"https:\/\/test.pulchlorenz.de\/index.php?rest_route=%2Fwp%2Fv2%2Fcomments&post=1135"}],"wp:attachment":[{"href":"https:\/\/test.pulchlorenz.de\/index.php?rest_route=%2Fwp%2Fv2%2Fmedia&parent=1135"}],"wp:term":[{"taxonomy":"product_brand","embeddable":true,"href":"https:\/\/test.pulchlorenz.de\/index.php?rest_route=%2Fwp%2Fv2%2Fproduct_brand&post=1135"},{"taxonomy":"product_cat","embeddable":true,"href":"https:\/\/test.pulchlorenz.de\/index.php?rest_route=%2Fwp%2Fv2%2Fproduct_cat&post=1135"},{"taxonomy":"product_tag","embeddable":true,"href":"https:\/\/test.pulchlorenz.de\/index.php?rest_route=%2Fwp%2Fv2%2Fproduct_tag&post=1135"}],"curies":[{"name":"wp","href":"https:\/\/api.w.org\/{rel}","templated":true}]}}