{"id":1149,"date":"2023-03-21T16:08:13","date_gmt":"2023-03-21T16:08:13","guid":{"rendered":"https:\/\/test.pulchlorenz.de\/?product=aufsatzkoffer-stemi-508-d"},"modified":"2023-03-21T16:08:13","modified_gmt":"2023-03-21T16:08:13","slug":"aufsatzkoffer-stemi-508-d","status":"publish","type":"product","link":"https:\/\/test.pulchlorenz.de\/?product=aufsatzkoffer-stemi-508-d","title":{"rendered":"Aufsatzkoffer Stemi 508 (D)"},"content":{"rendered":"<p>Aufsatzkoffer Stemi 508 (D)  Beschreibung:  \t Aufsatzkoffer f\u00fcr Transport und Lagerung f\u00fcr Stemi 508 \t Okulare \t Axiocam ERs 5s und iPad \t Aufsetzbar\/Fixierbar auf Transportkoffer Stemi 305\/508 \t Seitengriffe, abschlie\u00dfbar und staubdicht \t Nur mit zus\u00e4tzlichen Verpackungs f\u00fcr den Versand geeignet \t Au\u00dfenma\u00dfe L540xB435xH325 mm, Gewicht 6 kg   Kompatible Mikroskope:  \t Stemi 508 \t Stemi 508 Demo<\/p>\n","protected":false},"excerpt":{"rendered":"<p>Aufsatzkoffer Stemi 508 (D) Beschreibung: Aufsatzkoffer f\u00fcr Transport und Lagerung f\u00fcr Stemi 508 Okulare Axiocam ERs 5s und iPad Aufsetzbar\/Fixierbar auf Transportkoffer Stemi 305\/508 Seitengriffe, abschlie\u00dfbar und staubdicht Nur mit zus\u00e4tzlichen Verpackungs f\u00fcr den Versand geeignet Au\u00dfenma\u00dfe L540xB435xH325 mm, Gewicht 6 kg Kompatible Mikroskope: Stemi 508 Stemi 508 Demo<\/p>\n","protected":false},"featured_media":0,"comment_status":"open","ping_status":"closed","template":"","meta":[],"product_brand":[],"product_cat":[15],"product_tag":[],"class_list":{"0":"post-1149","1":"product","2":"type-product","3":"status-publish","5":"product_cat-unkategorisiert","7":"first","8":"instock","9":"taxable","10":"shipping-taxable","11":"purchasable","12":"product-type-simple"},"jetpack_sharing_enabled":true,"_links":{"self":[{"href":"https:\/\/test.pulchlorenz.de\/index.php?rest_route=\/wp\/v2\/product\/1149","targetHints":{"allow":["GET"]}}],"collection":[{"href":"https:\/\/test.pulchlorenz.de\/index.php?rest_route=\/wp\/v2\/product"}],"about":[{"href":"https:\/\/test.pulchlorenz.de\/index.php?rest_route=\/wp\/v2\/types\/product"}],"replies":[{"embeddable":true,"href":"https:\/\/test.pulchlorenz.de\/index.php?rest_route=%2Fwp%2Fv2%2Fcomments&post=1149"}],"wp:attachment":[{"href":"https:\/\/test.pulchlorenz.de\/index.php?rest_route=%2Fwp%2Fv2%2Fmedia&parent=1149"}],"wp:term":[{"taxonomy":"product_brand","embeddable":true,"href":"https:\/\/test.pulchlorenz.de\/index.php?rest_route=%2Fwp%2Fv2%2Fproduct_brand&post=1149"},{"taxonomy":"product_cat","embeddable":true,"href":"https:\/\/test.pulchlorenz.de\/index.php?rest_route=%2Fwp%2Fv2%2Fproduct_cat&post=1149"},{"taxonomy":"product_tag","embeddable":true,"href":"https:\/\/test.pulchlorenz.de\/index.php?rest_route=%2Fwp%2Fv2%2Fproduct_tag&post=1149"}],"curies":[{"name":"wp","href":"https:\/\/api.w.org\/{rel}","templated":true}]}}