{"id":1176,"date":"2023-03-21T16:08:18","date_gmt":"2023-03-21T16:08:18","guid":{"rendered":"https:\/\/test.pulchlorenz.de\/?product=mikstaled-l-auflichtstativ-mit-2-armiger-beleuchtung-ohne-durchlichteinheit"},"modified":"2023-03-21T16:08:18","modified_gmt":"2023-03-21T16:08:18","slug":"mikstaled-l-auflichtstativ-mit-2-armiger-beleuchtung-ohne-durchlichteinheit","status":"publish","type":"product","link":"https:\/\/test.pulchlorenz.de\/?product=mikstaled-l-auflichtstativ-mit-2-armiger-beleuchtung-ohne-durchlichteinheit","title":{"rendered":"MikstaLED L Auflichtstativ mit 2-armiger Beleuchtung ohne Durchlichteinheit"},"content":{"rendered":"<p>Mit seiner kompakten Bauform und einer H\u00f6he von lediglich 21mm erm\u00f6glicht das Auflichtstativ MikstaLED einen ergonomischen und flexiblen Einsatz an fast jedem Arbeitsplatz. Die Edelstahls\u00e4ule ist mit 32 mm Durchmesser kompatibel zu g\u00e4ngigen Mikroskopaufnahmen \/ -Trieben.  Zur optimalen Ausleuchtung der Objekte k\u00f6nnen die beiden selbsttragenden Schwanenhalsarme mit LED-Spot beliebig ausgerichtet werden; beispielsweise f\u00fcr Streiflicht. Die Leuchtkraft eines LED-Spots ist vergleichbar mit einer KL1600LED. Die Spots verf\u00fcgen au\u00dferdem \u00fcber ein M27 Feingewindegewinde zur Befestigung von Filtern.  Die LED-Beleuchtung wird \u00fcber einen Kippschalter ein- und ausgeschaltet, die Helligkeit mit einem Drehregler eingestellt. Die Stromversorgung erfolgt \u00fcber ein 12VDC Steckernetzteil.   Der Feintrieb l\u00e4sst sich frei an der 32mm-S\u00e4ule arretieren und eignet sich mit einem Aufnahmedur  chmesser\u00a0  von 76mm f\u00fcr fast alle g\u00e4ngigen Mikroskope.   Optional ist dieses Mikroskopstativ auch mit LED-Durchlichteinheit und Opalglasplatte erh\u00e4ltlich.<\/p>\n","protected":false},"excerpt":{"rendered":"<p>Mit seiner kompakten Bauform und einer H\u00f6he von lediglich 21mm erm\u00f6glicht das Auflichtstativ MikstaLED einen ergonomischen und flexiblen Einsatz an fast jedem Arbeitsplatz. Die Edelstahls\u00e4ule ist mit 32 mm Durchmesser kompatibel zu g\u00e4ngigen Mikroskopaufnahmen \/ -Trieben. Zur optimalen Ausleuchtung der Objekte k\u00f6nnen die beiden selbsttragenden Schwanenhalsarme mit LED-Spot beliebig ausgerichtet werden; beispielsweise f\u00fcr Streiflicht. Die [&hellip;]<\/p>\n","protected":false},"featured_media":0,"comment_status":"open","ping_status":"closed","template":"","meta":[],"product_brand":[],"product_cat":[15],"product_tag":[],"class_list":{"0":"post-1176","1":"product","2":"type-product","3":"status-publish","5":"product_cat-unkategorisiert","7":"first","8":"instock","9":"taxable","10":"shipping-taxable","11":"purchasable","12":"product-type-simple"},"jetpack_sharing_enabled":true,"_links":{"self":[{"href":"https:\/\/test.pulchlorenz.de\/index.php?rest_route=\/wp\/v2\/product\/1176","targetHints":{"allow":["GET"]}}],"collection":[{"href":"https:\/\/test.pulchlorenz.de\/index.php?rest_route=\/wp\/v2\/product"}],"about":[{"href":"https:\/\/test.pulchlorenz.de\/index.php?rest_route=\/wp\/v2\/types\/product"}],"replies":[{"embeddable":true,"href":"https:\/\/test.pulchlorenz.de\/index.php?rest_route=%2Fwp%2Fv2%2Fcomments&post=1176"}],"wp:attachment":[{"href":"https:\/\/test.pulchlorenz.de\/index.php?rest_route=%2Fwp%2Fv2%2Fmedia&parent=1176"}],"wp:term":[{"taxonomy":"product_brand","embeddable":true,"href":"https:\/\/test.pulchlorenz.de\/index.php?rest_route=%2Fwp%2Fv2%2Fproduct_brand&post=1176"},{"taxonomy":"product_cat","embeddable":true,"href":"https:\/\/test.pulchlorenz.de\/index.php?rest_route=%2Fwp%2Fv2%2Fproduct_cat&post=1176"},{"taxonomy":"product_tag","embeddable":true,"href":"https:\/\/test.pulchlorenz.de\/index.php?rest_route=%2Fwp%2Fv2%2Fproduct_tag&post=1176"}],"curies":[{"name":"wp","href":"https:\/\/api.w.org\/{rel}","templated":true}]}}