{"id":1202,"date":"2023-03-21T16:08:25","date_gmt":"2023-03-21T16:08:25","guid":{"rendered":"https:\/\/test.pulchlorenz.de\/?product=staubschutzhuelle-gross-l600xb420xh620-fuer-axio-observer-axiovert-200-200m"},"modified":"2023-03-21T16:08:25","modified_gmt":"2023-03-21T16:08:25","slug":"staubschutzhuelle-gross-l600xb420xh620-fuer-axio-observer-axiovert-200-200m","status":"publish","type":"product","link":"https:\/\/test.pulchlorenz.de\/?product=staubschutzhuelle-gross-l600xb420xh620-fuer-axio-observer-axiovert-200-200m","title":{"rendered":"Staubschutzh\u00fclle gro\u00df (L600xB420xH620) f\u00fcr Axio Observer \/ Axiovert 200\/200M"},"content":{"rendered":"<p>Staubschutzh&uuml;lle f&uuml;r Axio Observer \/ Axiovert 200\/200M  L&auml;nge&nbsp;600 mm, Breite 420 mm,&nbsp;H&ouml;he 620 mm   Kompatible Mikroskope:  \t Axio Observer.A1 \t Axio Observer.A1m \t Axio Observer.D1 \t Axio Observer.D1 + ApoTome \t Axio Observer.D1 TIRF 3 \t Axio Observer.D1m \t Axio Observer.Z1 \t Axio Observer.Z1 Cell Observer \t Axio Observer.Z1 Cell Observer SD \t Axio Observer.Z1 TIRF 3 \t Axio Observer.Z1m \t Axio Observer.Z1m ACR \t Axiovert 135 \t Axiovert 200 \t Axiovert 200 f&uuml;r Auflicht-Fluoreszenz mit ApoTome&#8220; \t Axiovert 200 M \t Axiovert 200 M f&#038;uuml<\/p>\n","protected":false},"excerpt":{"rendered":"<p>Staubschutzh&uuml;lle f&uuml;r Axio Observer \/ Axiovert 200\/200M L&auml;nge&nbsp;600 mm, Breite 420 mm,&nbsp;H&ouml;he 620 mm Kompatible Mikroskope: Axio Observer.A1 Axio Observer.A1m Axio Observer.D1 Axio Observer.D1 + ApoTome Axio Observer.D1 TIRF 3 Axio Observer.D1m Axio Observer.Z1 Axio Observer.Z1 Cell Observer Axio Observer.Z1 Cell Observer SD Axio Observer.Z1 TIRF 3 Axio Observer.Z1m Axio Observer.Z1m ACR Axiovert 135 Axiovert [&hellip;]<\/p>\n","protected":false},"featured_media":0,"comment_status":"open","ping_status":"closed","template":"","meta":[],"product_brand":[],"product_cat":[15],"product_tag":[],"class_list":{"0":"post-1202","1":"product","2":"type-product","3":"status-publish","5":"product_cat-unkategorisiert","7":"first","8":"instock","9":"taxable","10":"shipping-taxable","11":"purchasable","12":"product-type-simple"},"jetpack_sharing_enabled":true,"_links":{"self":[{"href":"https:\/\/test.pulchlorenz.de\/index.php?rest_route=\/wp\/v2\/product\/1202","targetHints":{"allow":["GET"]}}],"collection":[{"href":"https:\/\/test.pulchlorenz.de\/index.php?rest_route=\/wp\/v2\/product"}],"about":[{"href":"https:\/\/test.pulchlorenz.de\/index.php?rest_route=\/wp\/v2\/types\/product"}],"replies":[{"embeddable":true,"href":"https:\/\/test.pulchlorenz.de\/index.php?rest_route=%2Fwp%2Fv2%2Fcomments&post=1202"}],"wp:attachment":[{"href":"https:\/\/test.pulchlorenz.de\/index.php?rest_route=%2Fwp%2Fv2%2Fmedia&parent=1202"}],"wp:term":[{"taxonomy":"product_brand","embeddable":true,"href":"https:\/\/test.pulchlorenz.de\/index.php?rest_route=%2Fwp%2Fv2%2Fproduct_brand&post=1202"},{"taxonomy":"product_cat","embeddable":true,"href":"https:\/\/test.pulchlorenz.de\/index.php?rest_route=%2Fwp%2Fv2%2Fproduct_cat&post=1202"},{"taxonomy":"product_tag","embeddable":true,"href":"https:\/\/test.pulchlorenz.de\/index.php?rest_route=%2Fwp%2Fv2%2Fproduct_tag&post=1202"}],"curies":[{"name":"wp","href":"https:\/\/api.w.org\/{rel}","templated":true}]}}