{"id":1211,"date":"2023-03-21T16:08:26","date_gmt":"2023-03-21T16:08:26","guid":{"rendered":"https:\/\/test.pulchlorenz.de\/?product=200-brillen-reinigungstuecher"},"modified":"2023-03-21T16:08:26","modified_gmt":"2023-03-21T16:08:26","slug":"200-brillen-reinigungstuecher","status":"publish","type":"product","link":"https:\/\/test.pulchlorenz.de\/?product=200-brillen-reinigungstuecher","title":{"rendered":"200 Brillen-Reinigungst\u00fccher"},"content":{"rendered":"<p>200 einzeln verpackte alkoholfreie Brillen-Reinigungst\u00fccher.  Geeignet f\u00fcr alle Brillengl\u00e4ser (auch Kunstoff), optische Oberfl\u00e4chen (Ferngl\u00e4ser, Smartphones, Tablet-PCs, Laptops, LCD-Displays, Kameras). NICHT f\u00fcr Kontaktlinsen geeignet.<\/p>\n","protected":false},"excerpt":{"rendered":"<p>200 einzeln verpackte alkoholfreie Brillen-Reinigungst\u00fccher. Geeignet f\u00fcr alle Brillengl\u00e4ser (auch Kunstoff), optische Oberfl\u00e4chen (Ferngl\u00e4ser, Smartphones, Tablet-PCs, Laptops, LCD-Displays, Kameras). NICHT f\u00fcr Kontaktlinsen geeignet.<\/p>\n","protected":false},"featured_media":0,"comment_status":"open","ping_status":"closed","template":"","meta":[],"product_brand":[],"product_cat":[15],"product_tag":[],"class_list":{"0":"post-1211","1":"product","2":"type-product","3":"status-publish","5":"product_cat-unkategorisiert","7":"first","8":"instock","9":"taxable","10":"shipping-taxable","11":"purchasable","12":"product-type-simple"},"jetpack_sharing_enabled":true,"_links":{"self":[{"href":"https:\/\/test.pulchlorenz.de\/index.php?rest_route=\/wp\/v2\/product\/1211","targetHints":{"allow":["GET"]}}],"collection":[{"href":"https:\/\/test.pulchlorenz.de\/index.php?rest_route=\/wp\/v2\/product"}],"about":[{"href":"https:\/\/test.pulchlorenz.de\/index.php?rest_route=\/wp\/v2\/types\/product"}],"replies":[{"embeddable":true,"href":"https:\/\/test.pulchlorenz.de\/index.php?rest_route=%2Fwp%2Fv2%2Fcomments&post=1211"}],"wp:attachment":[{"href":"https:\/\/test.pulchlorenz.de\/index.php?rest_route=%2Fwp%2Fv2%2Fmedia&parent=1211"}],"wp:term":[{"taxonomy":"product_brand","embeddable":true,"href":"https:\/\/test.pulchlorenz.de\/index.php?rest_route=%2Fwp%2Fv2%2Fproduct_brand&post=1211"},{"taxonomy":"product_cat","embeddable":true,"href":"https:\/\/test.pulchlorenz.de\/index.php?rest_route=%2Fwp%2Fv2%2Fproduct_cat&post=1211"},{"taxonomy":"product_tag","embeddable":true,"href":"https:\/\/test.pulchlorenz.de\/index.php?rest_route=%2Fwp%2Fv2%2Fproduct_tag&post=1211"}],"curies":[{"name":"wp","href":"https:\/\/api.w.org\/{rel}","templated":true}]}}