{"id":1212,"date":"2023-03-21T16:08:26","date_gmt":"2023-03-21T16:08:26","guid":{"rendered":"https:\/\/test.pulchlorenz.de\/?product=schraegsichtansatz-fuer-stemi-508-2000-d"},"modified":"2023-03-21T16:08:26","modified_gmt":"2023-03-21T16:08:26","slug":"schraegsichtansatz-fuer-stemi-508-2000-d","status":"publish","type":"product","link":"https:\/\/test.pulchlorenz.de\/?product=schraegsichtansatz-fuer-stemi-508-2000-d","title":{"rendered":"Schr\u00e4gsichtansatz f\u00fcr Stemi 508\/2000 (D)"},"content":{"rendered":"<p>Schr\u00e4gsichtansatz f\u00fcr Stemi 2000 (D) Stemi 508  \t Erlaubt die Betrachtung der Objekte von allen Seiten, ohne dass diese bewegt werden m\u00fcssen, 360\u00b0 drehbar &#8211; zu verwenden mit den Vorsatzsystemen 0,3x oder 0,4x &#8211; FWD 130 mm mit Vorsatzsystem 0,3x (Betrachtungswinkel 65\u00b0 horizontal) &#8211; FWD 40 mm mit Vorsatzsystem 0,4x (Betrachtungswinkel 45\u00b0)   Kompatible Mikroskope:  \t Stemi 2000 \t Stemi 2000 C \t Stemi 2000 CS \t Stemi 508 \t Stemi 508 Demo<\/p>\n","protected":false},"excerpt":{"rendered":"<p>Schr\u00e4gsichtansatz f\u00fcr Stemi 2000 (D) Stemi 508 Erlaubt die Betrachtung der Objekte von allen Seiten, ohne dass diese bewegt werden m\u00fcssen, 360\u00b0 drehbar &#8211; zu verwenden mit den Vorsatzsystemen 0,3x oder 0,4x &#8211; FWD 130 mm mit Vorsatzsystem 0,3x (Betrachtungswinkel 65\u00b0 horizontal) &#8211; FWD 40 mm mit Vorsatzsystem 0,4x (Betrachtungswinkel 45\u00b0) Kompatible Mikroskope: Stemi 2000 [&hellip;]<\/p>\n","protected":false},"featured_media":0,"comment_status":"open","ping_status":"closed","template":"","meta":[],"product_brand":[],"product_cat":[15],"product_tag":[],"class_list":{"0":"post-1212","1":"product","2":"type-product","3":"status-publish","5":"product_cat-unkategorisiert","7":"first","8":"instock","9":"taxable","10":"shipping-taxable","11":"purchasable","12":"product-type-simple"},"jetpack_sharing_enabled":true,"_links":{"self":[{"href":"https:\/\/test.pulchlorenz.de\/index.php?rest_route=\/wp\/v2\/product\/1212","targetHints":{"allow":["GET"]}}],"collection":[{"href":"https:\/\/test.pulchlorenz.de\/index.php?rest_route=\/wp\/v2\/product"}],"about":[{"href":"https:\/\/test.pulchlorenz.de\/index.php?rest_route=\/wp\/v2\/types\/product"}],"replies":[{"embeddable":true,"href":"https:\/\/test.pulchlorenz.de\/index.php?rest_route=%2Fwp%2Fv2%2Fcomments&post=1212"}],"wp:attachment":[{"href":"https:\/\/test.pulchlorenz.de\/index.php?rest_route=%2Fwp%2Fv2%2Fmedia&parent=1212"}],"wp:term":[{"taxonomy":"product_brand","embeddable":true,"href":"https:\/\/test.pulchlorenz.de\/index.php?rest_route=%2Fwp%2Fv2%2Fproduct_brand&post=1212"},{"taxonomy":"product_cat","embeddable":true,"href":"https:\/\/test.pulchlorenz.de\/index.php?rest_route=%2Fwp%2Fv2%2Fproduct_cat&post=1212"},{"taxonomy":"product_tag","embeddable":true,"href":"https:\/\/test.pulchlorenz.de\/index.php?rest_route=%2Fwp%2Fv2%2Fproduct_tag&post=1212"}],"curies":[{"name":"wp","href":"https:\/\/api.w.org\/{rel}","templated":true}]}}