{"id":1256,"date":"2023-03-21T16:08:36","date_gmt":"2023-03-21T16:08:36","guid":{"rendered":"https:\/\/test.pulchlorenz.de\/?product=fluoreszenzkamera-axiocam-202-mono-usb3-24mp-1-12quot"},"modified":"2023-03-21T16:08:36","modified_gmt":"2023-03-21T16:08:36","slug":"fluoreszenzkamera-axiocam-202-mono-usb3-24mp-1-12quot","status":"publish","type":"product","link":"https:\/\/test.pulchlorenz.de\/?product=fluoreszenzkamera-axiocam-202-mono-usb3-24mp-1-12quot","title":{"rendered":"Fluoreszenzkamera Axiocam 202 mono (USB3, 2,4MP, 1\/1,2&amp;quot;)"},"content":{"rendered":"<p>Flexibel einsetzbare Monochromkamera f\u00fcr Schulungs-, Dokumentations- und Routineanwendungen mit Standalone-Funktionalit\u00e4t, USB3.0- und Ethernet-Konnektivit\u00e4t mit Treibersoftware 64bit f\u00fcr: ZEN (blue edition) und Labscope.  \t Sensortyp: Sony CMOS Farbsensor mit Global Shutter \t Anzahl der Pixel: 1920 (H) x 1080 (V) = 2MP, Full HD \t Selektierbare Aufl\u00f6sungen: 1920 x 1080 = Full HD (1080p) \t Pixelgr\u00f6\u00dfe: 5.86 \u00b5m x 5.86 \u00b5m (Ultra HD Aufl\u00f6sung) \t Sensorgr\u00f6\u00dfe: 11.25 mm x 6.33 mm, equivalent to 1\/1.23 (13 mm diagonal) \t Spektralbereich: ca. 350 nm &#8211; 850 nm, Schutzglas (beschichtet) \t Bedienkn\u00f6pfe an der Kamera:\t \t\t 1x Bildaufnahme (Snap) \t\t 1x Bildschirmbedienung (OSD) \t\t 1x Wiederherstellung der Werkseinstellungen (factory reset) \t \t \t Status-LED an der Kamera: Farbkodierter Statusanzeige Stand-alone: \t Bildspeicherformat: TIFF oder JPG \t Videostream-Format: mp4 \t Live Bildwiederholraten via HDMI: 30 fps Live \t Bildwiederholraten per Software via Ethernet oder USB3.0 (abh\u00e4ngig von Hardware- und Softwarekonfiguration), Belichtungszeit 1 ms: H x V Bildrate, 1920 x 1080: bis zu 30 fps (Labscope, ZEN) \t Digitalisierung: 12-bit oder 8-bit und A\/D Wandler \t Belichtungszeit: 0,3 msec bis 2 sec \t Verst\u00e4rkung: 1x bis 16x \t Schnittstellen:\t \t\t HDMI f\u00fcr den Monitor \t\t USB 3.0 f\u00fcr USB hub, Speicher-Stick, Wi-Fi Adapter oder PC-Verbindung \t\t Ethernet (RJ45) f\u00fcr LAN-Verbindung \t\t Mikro-D f\u00fcr Stromversorgung und Kommunikation mit dezidierten Mikroskopstativen Optische Schnittstelle: C-Mount \t \t \t Max. Filegr\u00f6\u00dfe pro Bild:\t \t\t 12 bit .tiff: 4 MB (ein Kanal, unabgh\u00e4ngig vom Bildinhalt) \t\t 8 bit .tiff: 2 MB (ein Kanal, unabgh\u00e4ngig vom Bildinhalt) \t\t 8 bit .jpg: ca. 0.1 MB &#8211; 1.3 MB (abh\u00e4ngig vom Bildinhalt) \t \t \t Gr\u00f6\u00dfe \/ Gewicht: ca. 135mm x 97mm x 54mm \/ 590g \t Geh\u00e4use: Blau eloxiertes Aluminium mit K\u00fchlrippen \t Zulassungen: CE, RoHS, CSA \t Stromversorgung: via Micro-D interface \t Stromverbrauch: 9 W (24 V DC, 0.75 A) \t Umgebungs- bedingungen: +10\u00b0 &#8230; +40\u00b0 Celsius, max. 75% relative Luftfeuchtigkeit, nicht kondensierend, freie Luftzirkulation erforderlich \t Unterst\u00fctzte Betriebssysteme:\t \t\t f\u00fcr ZEN: Windows 10 x64 Prof.\/Ultimate und h\u00f6he \t\t f\u00fcr Labscope: Windows 7\/10 x64 Prof.\/Ultimate und iOS v11 und h\u00f6her \t \t \t Unterst\u00fctzte Anwendungssoftware:\t \t\t ZEN blue v3.0 und h\u00f6her (beinhaltet ZEN lite\/pro\/system) \t\t Labscope v2.9 (Win) v2.8.3 (iOS) und h\u00f6her \t \t  TWAIN Plugin: Zusatzprogramm zur Steuerung der Kamera durch Anwendungssoftware von Drittanbietern \t Die Kamera ist netzwerkf\u00e4hig und kann mit der Zeiss iOS App und Labscope verwendet werden.     Lieferumfang:   \t USB 3.0 HUB Type-C, \t USB 3.0 Speicher-Stick, Type-C und Type-A \t USB 3.0 Kabel Type-C auf Type-A \t Stromversorgungs- und Signalkabel von Kamera zum Mikroskopstativ (kompatibel zu Axiolab 5 and Axioscope 5\/7\/Vario) \t Netzteil mit l\u00e4nderspezifischem Stecker  &#8222;<\/p>\n","protected":false},"excerpt":{"rendered":"<p>Flexibel einsetzbare Monochromkamera f\u00fcr Schulungs-, Dokumentations- und Routineanwendungen mit Standalone-Funktionalit\u00e4t, USB3.0- und Ethernet-Konnektivit\u00e4t mit Treibersoftware 64bit f\u00fcr: ZEN (blue edition) und Labscope. Sensortyp: Sony CMOS Farbsensor mit Global Shutter Anzahl der Pixel: 1920 (H) x 1080 (V) = 2MP, Full HD Selektierbare Aufl\u00f6sungen: 1920 x 1080 = Full HD (1080p) Pixelgr\u00f6\u00dfe: 5.86 \u00b5m x 5.86 [&hellip;]<\/p>\n","protected":false},"featured_media":0,"comment_status":"open","ping_status":"closed","template":"","meta":[],"product_brand":[],"product_cat":[15],"product_tag":[],"class_list":{"0":"post-1256","1":"product","2":"type-product","3":"status-publish","5":"product_cat-unkategorisiert","7":"first","8":"instock","9":"taxable","10":"shipping-taxable","11":"purchasable","12":"product-type-simple"},"jetpack_sharing_enabled":true,"_links":{"self":[{"href":"https:\/\/test.pulchlorenz.de\/index.php?rest_route=\/wp\/v2\/product\/1256","targetHints":{"allow":["GET"]}}],"collection":[{"href":"https:\/\/test.pulchlorenz.de\/index.php?rest_route=\/wp\/v2\/product"}],"about":[{"href":"https:\/\/test.pulchlorenz.de\/index.php?rest_route=\/wp\/v2\/types\/product"}],"replies":[{"embeddable":true,"href":"https:\/\/test.pulchlorenz.de\/index.php?rest_route=%2Fwp%2Fv2%2Fcomments&post=1256"}],"wp:attachment":[{"href":"https:\/\/test.pulchlorenz.de\/index.php?rest_route=%2Fwp%2Fv2%2Fmedia&parent=1256"}],"wp:term":[{"taxonomy":"product_brand","embeddable":true,"href":"https:\/\/test.pulchlorenz.de\/index.php?rest_route=%2Fwp%2Fv2%2Fproduct_brand&post=1256"},{"taxonomy":"product_cat","embeddable":true,"href":"https:\/\/test.pulchlorenz.de\/index.php?rest_route=%2Fwp%2Fv2%2Fproduct_cat&post=1256"},{"taxonomy":"product_tag","embeddable":true,"href":"https:\/\/test.pulchlorenz.de\/index.php?rest_route=%2Fwp%2Fv2%2Fproduct_tag&post=1256"}],"curies":[{"name":"wp","href":"https:\/\/api.w.org\/{rel}","templated":true}]}}