{"id":1286,"date":"2023-03-21T16:08:42","date_gmt":"2023-03-21T16:08:42","guid":{"rendered":"https:\/\/test.pulchlorenz.de\/?product=labscope-modul-multi-channel"},"modified":"2023-03-21T16:08:42","modified_gmt":"2023-03-21T16:08:42","slug":"labscope-modul-multi-channel","status":"publish","type":"product","link":"https:\/\/test.pulchlorenz.de\/?product=labscope-modul-multi-channel","title":{"rendered":"Labscope Modul Multi Channel"},"content":{"rendered":"<p>Das Labscope Modul Multikanal Fluoreszenz (MKF) bietet eine einfache L\u00f6sung zur Aufnahme von Fluoreszenz- und Durchlichtbildern in unabh\u00e4ngigen Kan\u00e4len.  \t Aufnahme von bis zu 4 Fluoreszenzkan\u00e4len + 1 Durchlichtkanal \t smartes \u00dcberschreiben eines Fluoreszenzkanals \t einfache Einrichtung von Fluoreszenzkan\u00e4len an manuellen Mikroskopen \t Unterst\u00dctzung von Smart Microsopy \t Multikanal Ansicht inklusive Bildprozessierung \t Berichterstellung mit MKF Bildern<\/p>\n","protected":false},"excerpt":{"rendered":"<p>Das Labscope Modul Multikanal Fluoreszenz (MKF) bietet eine einfache L\u00f6sung zur Aufnahme von Fluoreszenz- und Durchlichtbildern in unabh\u00e4ngigen Kan\u00e4len. Aufnahme von bis zu 4 Fluoreszenzkan\u00e4len + 1 Durchlichtkanal smartes \u00dcberschreiben eines Fluoreszenzkanals einfache Einrichtung von Fluoreszenzkan\u00e4len an manuellen Mikroskopen Unterst\u00dctzung von Smart Microsopy Multikanal Ansicht inklusive Bildprozessierung Berichterstellung mit MKF Bildern<\/p>\n","protected":false},"featured_media":0,"comment_status":"open","ping_status":"closed","template":"","meta":[],"product_brand":[],"product_cat":[15],"product_tag":[],"class_list":{"0":"post-1286","1":"product","2":"type-product","3":"status-publish","5":"product_cat-unkategorisiert","7":"first","8":"instock","9":"taxable","10":"shipping-taxable","11":"purchasable","12":"product-type-simple"},"jetpack_sharing_enabled":true,"_links":{"self":[{"href":"https:\/\/test.pulchlorenz.de\/index.php?rest_route=\/wp\/v2\/product\/1286","targetHints":{"allow":["GET"]}}],"collection":[{"href":"https:\/\/test.pulchlorenz.de\/index.php?rest_route=\/wp\/v2\/product"}],"about":[{"href":"https:\/\/test.pulchlorenz.de\/index.php?rest_route=\/wp\/v2\/types\/product"}],"replies":[{"embeddable":true,"href":"https:\/\/test.pulchlorenz.de\/index.php?rest_route=%2Fwp%2Fv2%2Fcomments&post=1286"}],"wp:attachment":[{"href":"https:\/\/test.pulchlorenz.de\/index.php?rest_route=%2Fwp%2Fv2%2Fmedia&parent=1286"}],"wp:term":[{"taxonomy":"product_brand","embeddable":true,"href":"https:\/\/test.pulchlorenz.de\/index.php?rest_route=%2Fwp%2Fv2%2Fproduct_brand&post=1286"},{"taxonomy":"product_cat","embeddable":true,"href":"https:\/\/test.pulchlorenz.de\/index.php?rest_route=%2Fwp%2Fv2%2Fproduct_cat&post=1286"},{"taxonomy":"product_tag","embeddable":true,"href":"https:\/\/test.pulchlorenz.de\/index.php?rest_route=%2Fwp%2Fv2%2Fproduct_tag&post=1286"}],"curies":[{"name":"wp","href":"https:\/\/api.w.org\/{rel}","templated":true}]}}