{"id":135,"date":"2023-03-21T16:05:17","date_gmt":"2023-03-21T16:05:17","guid":{"rendered":"https:\/\/test.pulchlorenz.de\/?product=easyled-spotlight-plus-set-mit-zwei-spots"},"modified":"2023-03-21T16:05:17","modified_gmt":"2023-03-21T16:05:17","slug":"easyled-spotlight-plus-set-mit-zwei-spots","status":"publish","type":"product","link":"https:\/\/test.pulchlorenz.de\/?product=easyled-spotlight-plus-set-mit-zwei-spots","title":{"rendered":"EasyLED Spotlight Plus Set mit zwei Spots"},"content":{"rendered":"<p>EasyLED Lichtquelle zwei LED-Spots mit bis zu 130 lumen Lichtfluss pro LED-Spot.  Stufenlos dimmbar an\u00a0Schwanenhalstragearmen\u00a0(500 mm) garantiert Ihnen die EasyLED Spot Plus Beleuchtung h\u00f6chste Leuchtkraft und gr\u00f6\u00dfm\u00f6gliche Flexibilit\u00e4t, kompakt und fast ganz ohne W\u00e4rmeentwicklung.  Geeignet zur Befestigung an S\u00e4ulen mit verschiedenem Durchmesser oder am dazu passenden Gussfuss (siehe Zubeh\u00f6r),\u00a0Inklusive Netzteil.<\/p>\n","protected":false},"excerpt":{"rendered":"<p>EasyLED Lichtquelle zwei LED-Spots mit bis zu 130 lumen Lichtfluss pro LED-Spot. Stufenlos dimmbar an\u00a0Schwanenhalstragearmen\u00a0(500 mm) garantiert Ihnen die EasyLED Spot Plus Beleuchtung h\u00f6chste Leuchtkraft und gr\u00f6\u00dfm\u00f6gliche Flexibilit\u00e4t, kompakt und fast ganz ohne W\u00e4rmeentwicklung. Geeignet zur Befestigung an S\u00e4ulen mit verschiedenem Durchmesser oder am dazu passenden Gussfuss (siehe Zubeh\u00f6r),\u00a0Inklusive Netzteil.<\/p>\n","protected":false},"featured_media":0,"comment_status":"open","ping_status":"closed","template":"","meta":[],"product_brand":[],"product_cat":[15],"product_tag":[],"class_list":{"0":"post-135","1":"product","2":"type-product","3":"status-publish","5":"product_cat-unkategorisiert","7":"first","8":"instock","9":"taxable","10":"shipping-taxable","11":"purchasable","12":"product-type-simple"},"jetpack_sharing_enabled":true,"_links":{"self":[{"href":"https:\/\/test.pulchlorenz.de\/index.php?rest_route=\/wp\/v2\/product\/135","targetHints":{"allow":["GET"]}}],"collection":[{"href":"https:\/\/test.pulchlorenz.de\/index.php?rest_route=\/wp\/v2\/product"}],"about":[{"href":"https:\/\/test.pulchlorenz.de\/index.php?rest_route=\/wp\/v2\/types\/product"}],"replies":[{"embeddable":true,"href":"https:\/\/test.pulchlorenz.de\/index.php?rest_route=%2Fwp%2Fv2%2Fcomments&post=135"}],"wp:attachment":[{"href":"https:\/\/test.pulchlorenz.de\/index.php?rest_route=%2Fwp%2Fv2%2Fmedia&parent=135"}],"wp:term":[{"taxonomy":"product_brand","embeddable":true,"href":"https:\/\/test.pulchlorenz.de\/index.php?rest_route=%2Fwp%2Fv2%2Fproduct_brand&post=135"},{"taxonomy":"product_cat","embeddable":true,"href":"https:\/\/test.pulchlorenz.de\/index.php?rest_route=%2Fwp%2Fv2%2Fproduct_cat&post=135"},{"taxonomy":"product_tag","embeddable":true,"href":"https:\/\/test.pulchlorenz.de\/index.php?rest_route=%2Fwp%2Fv2%2Fproduct_tag&post=135"}],"curies":[{"name":"wp","href":"https:\/\/api.w.org\/{rel}","templated":true}]}}