{"id":1368,"date":"2023-03-21T16:08:56","date_gmt":"2023-03-21T16:08:56","guid":{"rendered":"https:\/\/test.pulchlorenz.de\/?product=flexi-tischstativ-c-mit-variabler-hoehe-starr-mit-neigekupplung"},"modified":"2023-03-21T16:08:56","modified_gmt":"2023-03-21T16:08:56","slug":"flexi-tischstativ-c-mit-variabler-hoehe-starr-mit-neigekupplung","status":"publish","type":"product","link":"https:\/\/test.pulchlorenz.de\/?product=flexi-tischstativ-c-mit-variabler-hoehe-starr-mit-neigekupplung","title":{"rendered":"Flexi Tischstativ C mit variabler H\u00f6he starr, mit Neigekupplung"},"content":{"rendered":"<p>Unsere Flexi-Mikroskopstative vereinen h\u00f6chsten Anspruch an Stabilit\u00e4t und Flexibilit\u00e4t mit ergonomischem Arbeiten:  \t einstellbar auf das Gewicht des\u00a0Mikroskopes \t einfache Demontage, leichter Transport \t Das Stativ wird direkt auf den Tisch montiert (verschraubt), eine  Tischklemme  ist optional erh\u00e4tlich. \t sichere H\u00f6henarretierung in jeder Lage \t optionale\u00a0Bildschirmhalterung erh\u00e4ltlich   Flexi Stativ bestehend aus:  \t Aufschraubplatte mit variabler S\u00e4ule \t Hinterrohr 300mm \t Tragarm starr \t Neigekupplung 32mm-S\u00e4ule zur Befestigung eines Mikroskoptriebes<\/p>\n","protected":false},"excerpt":{"rendered":"<p>Unsere Flexi-Mikroskopstative vereinen h\u00f6chsten Anspruch an Stabilit\u00e4t und Flexibilit\u00e4t mit ergonomischem Arbeiten: einstellbar auf das Gewicht des\u00a0Mikroskopes einfache Demontage, leichter Transport Das Stativ wird direkt auf den Tisch montiert (verschraubt), eine Tischklemme ist optional erh\u00e4tlich. sichere H\u00f6henarretierung in jeder Lage optionale\u00a0Bildschirmhalterung erh\u00e4ltlich Flexi Stativ bestehend aus: Aufschraubplatte mit variabler S\u00e4ule Hinterrohr 300mm Tragarm starr Neigekupplung [&hellip;]<\/p>\n","protected":false},"featured_media":0,"comment_status":"open","ping_status":"closed","template":"","meta":[],"product_brand":[],"product_cat":[15],"product_tag":[],"class_list":{"0":"post-1368","1":"product","2":"type-product","3":"status-publish","5":"product_cat-unkategorisiert","7":"first","8":"instock","9":"taxable","10":"shipping-taxable","11":"purchasable","12":"product-type-simple"},"jetpack_sharing_enabled":true,"_links":{"self":[{"href":"https:\/\/test.pulchlorenz.de\/index.php?rest_route=\/wp\/v2\/product\/1368","targetHints":{"allow":["GET"]}}],"collection":[{"href":"https:\/\/test.pulchlorenz.de\/index.php?rest_route=\/wp\/v2\/product"}],"about":[{"href":"https:\/\/test.pulchlorenz.de\/index.php?rest_route=\/wp\/v2\/types\/product"}],"replies":[{"embeddable":true,"href":"https:\/\/test.pulchlorenz.de\/index.php?rest_route=%2Fwp%2Fv2%2Fcomments&post=1368"}],"wp:attachment":[{"href":"https:\/\/test.pulchlorenz.de\/index.php?rest_route=%2Fwp%2Fv2%2Fmedia&parent=1368"}],"wp:term":[{"taxonomy":"product_brand","embeddable":true,"href":"https:\/\/test.pulchlorenz.de\/index.php?rest_route=%2Fwp%2Fv2%2Fproduct_brand&post=1368"},{"taxonomy":"product_cat","embeddable":true,"href":"https:\/\/test.pulchlorenz.de\/index.php?rest_route=%2Fwp%2Fv2%2Fproduct_cat&post=1368"},{"taxonomy":"product_tag","embeddable":true,"href":"https:\/\/test.pulchlorenz.de\/index.php?rest_route=%2Fwp%2Fv2%2Fproduct_tag&post=1368"}],"curies":[{"name":"wp","href":"https:\/\/api.w.org\/{rel}","templated":true}]}}