{"id":137,"date":"2023-03-21T16:05:17","date_gmt":"2023-03-21T16:05:17","guid":{"rendered":"https:\/\/test.pulchlorenz.de\/?product=kaltlichtquelle-zeiss-cl-6000-led"},"modified":"2023-03-21T16:05:17","modified_gmt":"2023-03-21T16:05:17","slug":"kaltlichtquelle-zeiss-cl-6000-led","status":"publish","type":"product","link":"https:\/\/test.pulchlorenz.de\/?product=kaltlichtquelle-zeiss-cl-6000-led","title":{"rendered":"Kaltlichtquelle Zeiss CL 6000 LED"},"content":{"rendered":"<p>bis 600lm Lichtstrom, ca. 6200K Farbtemperatur \t min. 50.000 Betriebsstunden bis Helligkeitsabfall auf 70% \t max. 70W Weitspannungs-Netzteil f\u00fcr flickerfreies Licht, leiser L\u00fcfter \t Steuerung von Helligkeit und 6 Speichern \u00fcber Dreh-\/Druckknopf und LCD \t Spannzange mit Sensor f\u00fcr Lichtleiter 1500 \t Filterschieber f\u00fcr 2 gefasste Filter CL LED 35x26x4mm und freien Durchgang &#8211; 2,5mm Klinkenbuchse f\u00fcr Ein\/Aus per optionaler Fu\u00dftaste S, USB-Buchse \t l\u00e4nderspezifisches Netzkabel \t kompatibel zu Schott Lichtleitern<\/p>\n","protected":false},"excerpt":{"rendered":"<p>bis 600lm Lichtstrom, ca. 6200K Farbtemperatur min. 50.000 Betriebsstunden bis Helligkeitsabfall auf 70% max. 70W Weitspannungs-Netzteil f\u00fcr flickerfreies Licht, leiser L\u00fcfter Steuerung von Helligkeit und 6 Speichern \u00fcber Dreh-\/Druckknopf und LCD Spannzange mit Sensor f\u00fcr Lichtleiter 1500 Filterschieber f\u00fcr 2 gefasste Filter CL LED 35x26x4mm und freien Durchgang &#8211; 2,5mm Klinkenbuchse f\u00fcr Ein\/Aus per optionaler [&hellip;]<\/p>\n","protected":false},"featured_media":0,"comment_status":"open","ping_status":"closed","template":"","meta":[],"product_brand":[],"product_cat":[15],"product_tag":[],"class_list":{"0":"post-137","1":"product","2":"type-product","3":"status-publish","5":"product_cat-unkategorisiert","7":"first","8":"instock","9":"taxable","10":"shipping-taxable","11":"purchasable","12":"product-type-simple"},"jetpack_sharing_enabled":true,"_links":{"self":[{"href":"https:\/\/test.pulchlorenz.de\/index.php?rest_route=\/wp\/v2\/product\/137","targetHints":{"allow":["GET"]}}],"collection":[{"href":"https:\/\/test.pulchlorenz.de\/index.php?rest_route=\/wp\/v2\/product"}],"about":[{"href":"https:\/\/test.pulchlorenz.de\/index.php?rest_route=\/wp\/v2\/types\/product"}],"replies":[{"embeddable":true,"href":"https:\/\/test.pulchlorenz.de\/index.php?rest_route=%2Fwp%2Fv2%2Fcomments&post=137"}],"wp:attachment":[{"href":"https:\/\/test.pulchlorenz.de\/index.php?rest_route=%2Fwp%2Fv2%2Fmedia&parent=137"}],"wp:term":[{"taxonomy":"product_brand","embeddable":true,"href":"https:\/\/test.pulchlorenz.de\/index.php?rest_route=%2Fwp%2Fv2%2Fproduct_brand&post=137"},{"taxonomy":"product_cat","embeddable":true,"href":"https:\/\/test.pulchlorenz.de\/index.php?rest_route=%2Fwp%2Fv2%2Fproduct_cat&post=137"},{"taxonomy":"product_tag","embeddable":true,"href":"https:\/\/test.pulchlorenz.de\/index.php?rest_route=%2Fwp%2Fv2%2Fproduct_tag&post=137"}],"curies":[{"name":"wp","href":"https:\/\/api.w.org\/{rel}","templated":true}]}}