{"id":1490,"date":"2023-03-21T16:09:23","date_gmt":"2023-03-21T16:09:23","guid":{"rendered":"https:\/\/test.pulchlorenz.de\/?product=zeiss-discovery-motorisiertes-durchlicht-tischstativ-450"},"modified":"2023-03-21T16:09:23","modified_gmt":"2023-03-21T16:09:23","slug":"zeiss-discovery-motorisiertes-durchlicht-tischstativ-450","status":"publish","type":"product","link":"https:\/\/test.pulchlorenz.de\/?product=zeiss-discovery-motorisiertes-durchlicht-tischstativ-450","title":{"rendered":"Zeiss Discovery motorisiertes Durchlicht-Tischstativ 450"},"content":{"rendered":"<p>bestehend aus:  \t Stativbasis 450mm breit mit VisiLED Durchlicht-Hellfeld und VisiLED-Cotnrioller MC 750 \t 490 mm motorisierte Trieb-S\u00e4ule mit HIP-Steuerung \t Tr\u00e4ger S mit 76mm Aufnahme f\u00fcr Stereomikroskope \t Controller EMS3<\/p>\n","protected":false},"excerpt":{"rendered":"<p>bestehend aus: Stativbasis 450mm breit mit VisiLED Durchlicht-Hellfeld und VisiLED-Cotnrioller MC 750 490 mm motorisierte Trieb-S\u00e4ule mit HIP-Steuerung Tr\u00e4ger S mit 76mm Aufnahme f\u00fcr Stereomikroskope Controller EMS3<\/p>\n","protected":false},"featured_media":0,"comment_status":"open","ping_status":"closed","template":"","meta":[],"product_brand":[],"product_cat":[15],"product_tag":[],"class_list":{"0":"post-1490","1":"product","2":"type-product","3":"status-publish","5":"product_cat-unkategorisiert","7":"first","8":"instock","9":"taxable","10":"shipping-taxable","11":"purchasable","12":"product-type-simple"},"jetpack_sharing_enabled":true,"_links":{"self":[{"href":"https:\/\/test.pulchlorenz.de\/index.php?rest_route=\/wp\/v2\/product\/1490","targetHints":{"allow":["GET"]}}],"collection":[{"href":"https:\/\/test.pulchlorenz.de\/index.php?rest_route=\/wp\/v2\/product"}],"about":[{"href":"https:\/\/test.pulchlorenz.de\/index.php?rest_route=\/wp\/v2\/types\/product"}],"replies":[{"embeddable":true,"href":"https:\/\/test.pulchlorenz.de\/index.php?rest_route=%2Fwp%2Fv2%2Fcomments&post=1490"}],"wp:attachment":[{"href":"https:\/\/test.pulchlorenz.de\/index.php?rest_route=%2Fwp%2Fv2%2Fmedia&parent=1490"}],"wp:term":[{"taxonomy":"product_brand","embeddable":true,"href":"https:\/\/test.pulchlorenz.de\/index.php?rest_route=%2Fwp%2Fv2%2Fproduct_brand&post=1490"},{"taxonomy":"product_cat","embeddable":true,"href":"https:\/\/test.pulchlorenz.de\/index.php?rest_route=%2Fwp%2Fv2%2Fproduct_cat&post=1490"},{"taxonomy":"product_tag","embeddable":true,"href":"https:\/\/test.pulchlorenz.de\/index.php?rest_route=%2Fwp%2Fv2%2Fproduct_tag&post=1490"}],"curies":[{"name":"wp","href":"https:\/\/api.w.org\/{rel}","templated":true}]}}