{"id":1570,"date":"2023-03-21T16:09:39","date_gmt":"2023-03-21T16:09:39","guid":{"rendered":"https:\/\/test.pulchlorenz.de\/?product=mikroskopkamera-axiocam-820-mono-usb3-20mp-1-1quot"},"modified":"2023-03-21T16:09:39","modified_gmt":"2023-03-21T16:09:39","slug":"mikroskopkamera-axiocam-820-mono-usb3-20mp-1-1quot","status":"publish","type":"product","link":"https:\/\/test.pulchlorenz.de\/?product=mikroskopkamera-axiocam-820-mono-usb3-20mp-1-1quot","title":{"rendered":"Mikroskopkamera Axiocam 820 mono (USB3, 20MP, 1.1&amp;quot;)"},"content":{"rendered":"<p>inkl. Treiber Software 64bit, Interface Karte USB 3.1 Gen2 PCIe x4, Dual USB 3.0 Kabel 3 m  Sensor Typ: SONY IMX541 CMOS, Monochrome, Global Shutter Backside Illuminated&#8220;   Anzahl Pixel: 4512 (H) x 4512 (V) = 20.3 Mega Pixel   Pixel Gr\u00f6\u00dfe: 2.74 \u00b5m x 2.74 \u00b5m   Chip Gr\u00f6\u00dfe: 12.4 mm x 12.4 mm (quadratisches Sehfeld), entspricht 1.1&#8243; (17,4 mm Diagonale)   Spektraler Bereich: Mit Schutzglas, ca. 350 nm bis 1000 nm   Max. QE: 86% @ 520 nm (typ.), &#8222;backside illuminated&#8220;-Architektur   Full Well Kapazit\u00e4t: Ca. 10,000 e bei Verst\u00e4rkung 1x (typ.)   Einstellbare Signalverst\u00e4rkung: 1x, 2x, 4x, 8x, 16x   W\u00e4hlbare Aufl\u00f6sung: H x V Binning Factor (digital) 4512 x 4512 1&#215;1   Basis-Aufl\u00f6sung \t \t 2256 x 2256 2&#215;2 \t  1504 x 1504 3&#215;3 \t  1128 x 1128 4&#215;4 \t  902 x 902 5&#215;5 (bei 2&#215;2 kombiniertes analoges und digitales Binning f\u00fcr verbesserte Empfindlichkeit) \t  H x V Subsampling Faktor (volles Sehfeld) \t  4512 x 4512 1&#215;1 \t  2256 x 2256 2&#215;2  \t   Live Bildraten (abh\u00e4ngig von Hardware- und Software-Konfiguration): Belichtungszeit \t1 ms H x V Bildrate \t4512 x 4512 >20 fps (High Res Modus, h\u00f6here CPU Last) \t2256 x 2256 >30 fps (Standard: Fast Mode, reduzierte CPU Last)   Bildraten f\u00fcr Zeitreihen-Aufnahmen: (bei 1 ms Belichtung, abh\u00e4ngig von Softwarekonfiguration und Computer- Hardware) \t \t H x V (ROI) Bildrate (fps) \t  4512 x 4512 28 \t  2256 x 2256 75 (2&#215;2 subsampling (Unterabtastung)<\/p>\n","protected":false},"excerpt":{"rendered":"<p>inkl. Treiber Software 64bit, Interface Karte USB 3.1 Gen2 PCIe x4, Dual USB 3.0 Kabel 3 m Sensor Typ: SONY IMX541 CMOS, Monochrome, Global Shutter Backside Illuminated&#8220; Anzahl Pixel: 4512 (H) x 4512 (V) = 20.3 Mega Pixel Pixel Gr\u00f6\u00dfe: 2.74 \u00b5m x 2.74 \u00b5m Chip Gr\u00f6\u00dfe: 12.4 mm x 12.4 mm (quadratisches Sehfeld), entspricht [&hellip;]<\/p>\n","protected":false},"featured_media":0,"comment_status":"open","ping_status":"closed","template":"","meta":[],"product_brand":[],"product_cat":[15],"product_tag":[],"class_list":{"0":"post-1570","1":"product","2":"type-product","3":"status-publish","5":"product_cat-unkategorisiert","7":"first","8":"instock","9":"taxable","10":"shipping-taxable","11":"purchasable","12":"product-type-simple"},"jetpack_sharing_enabled":true,"_links":{"self":[{"href":"https:\/\/test.pulchlorenz.de\/index.php?rest_route=\/wp\/v2\/product\/1570","targetHints":{"allow":["GET"]}}],"collection":[{"href":"https:\/\/test.pulchlorenz.de\/index.php?rest_route=\/wp\/v2\/product"}],"about":[{"href":"https:\/\/test.pulchlorenz.de\/index.php?rest_route=\/wp\/v2\/types\/product"}],"replies":[{"embeddable":true,"href":"https:\/\/test.pulchlorenz.de\/index.php?rest_route=%2Fwp%2Fv2%2Fcomments&post=1570"}],"wp:attachment":[{"href":"https:\/\/test.pulchlorenz.de\/index.php?rest_route=%2Fwp%2Fv2%2Fmedia&parent=1570"}],"wp:term":[{"taxonomy":"product_brand","embeddable":true,"href":"https:\/\/test.pulchlorenz.de\/index.php?rest_route=%2Fwp%2Fv2%2Fproduct_brand&post=1570"},{"taxonomy":"product_cat","embeddable":true,"href":"https:\/\/test.pulchlorenz.de\/index.php?rest_route=%2Fwp%2Fv2%2Fproduct_cat&post=1570"},{"taxonomy":"product_tag","embeddable":true,"href":"https:\/\/test.pulchlorenz.de\/index.php?rest_route=%2Fwp%2Fv2%2Fproduct_tag&post=1570"}],"curies":[{"name":"wp","href":"https:\/\/api.w.org\/{rel}","templated":true}]}}