{"id":20,"date":"2023-03-21T16:04:59","date_gmt":"2023-03-21T16:04:59","guid":{"rendered":"https:\/\/test.pulchlorenz.de\/?product=objektiv-ld-quota-planquot-20x-030-ph1-var1"},"modified":"2023-03-21T16:04:59","modified_gmt":"2023-03-21T16:04:59","slug":"objektiv-ld-quota-planquot-20x-030-ph1-var1","status":"publish","type":"product","link":"https:\/\/test.pulchlorenz.de\/?product=objektiv-ld-quota-planquot-20x-030-ph1-var1","title":{"rendered":"Objektiv LD &amp;quot;A-Plan&amp;quot; 20x\/0,30 Ph1 Var1"},"content":{"rendered":"<p>Die vielseitige Objektivreihe mit extra langem Arbeitsabstand. Sie bildet die Einstiegsklasse f\u00fcr die inverse Mikroskopie. Sie sind korrigiert f\u00fcr die Verwendung von Deckgl\u00e4ser bzw. Bodendicken von bis zu 2 mm. Das bedeutet optimal f\u00fcr die Hauptanwendungen von LD Objektiven, wie z. B. Beobachtung durch dickere Zellkulturgef\u00e4\u00dfe. Aber auch die Verwendung in Verbindung mit d\u00fcnneren Deckgl\u00e4sern z. B. im Bereich von 0,17 bis 0,6 mm ist mit einer einfach aufsteckbaren Deckglaskappe m\u00f6glich  Kompatible Mikroskope:  \t Axio Observer.A1 \t Axio Observer.D1 \t Axio Observer.Z1 \t Axiovert 200 \t Axiovert 200 M \t Axiovert 25 \t Axiovert 25 C \t Axiovert 25 CFL \t Axiovert 40 C \t Axiovert 40 CFL<\/p>\n","protected":false},"excerpt":{"rendered":"<p>Die vielseitige Objektivreihe mit extra langem Arbeitsabstand. Sie bildet die Einstiegsklasse f\u00fcr die inverse Mikroskopie. Sie sind korrigiert f\u00fcr die Verwendung von Deckgl\u00e4ser bzw. Bodendicken von bis zu 2 mm. Das bedeutet optimal f\u00fcr die Hauptanwendungen von LD Objektiven, wie z. B. Beobachtung durch dickere Zellkulturgef\u00e4\u00dfe. Aber auch die Verwendung in Verbindung mit d\u00fcnneren Deckgl\u00e4sern [&hellip;]<\/p>\n","protected":false},"featured_media":0,"comment_status":"open","ping_status":"closed","template":"","meta":[],"product_brand":[],"product_cat":[15],"product_tag":[],"class_list":{"0":"post-20","1":"product","2":"type-product","3":"status-publish","5":"product_cat-unkategorisiert","7":"first","8":"instock","9":"taxable","10":"shipping-taxable","11":"purchasable","12":"product-type-simple"},"jetpack_sharing_enabled":true,"_links":{"self":[{"href":"https:\/\/test.pulchlorenz.de\/index.php?rest_route=\/wp\/v2\/product\/20","targetHints":{"allow":["GET"]}}],"collection":[{"href":"https:\/\/test.pulchlorenz.de\/index.php?rest_route=\/wp\/v2\/product"}],"about":[{"href":"https:\/\/test.pulchlorenz.de\/index.php?rest_route=\/wp\/v2\/types\/product"}],"replies":[{"embeddable":true,"href":"https:\/\/test.pulchlorenz.de\/index.php?rest_route=%2Fwp%2Fv2%2Fcomments&post=20"}],"wp:attachment":[{"href":"https:\/\/test.pulchlorenz.de\/index.php?rest_route=%2Fwp%2Fv2%2Fmedia&parent=20"}],"wp:term":[{"taxonomy":"product_brand","embeddable":true,"href":"https:\/\/test.pulchlorenz.de\/index.php?rest_route=%2Fwp%2Fv2%2Fproduct_brand&post=20"},{"taxonomy":"product_cat","embeddable":true,"href":"https:\/\/test.pulchlorenz.de\/index.php?rest_route=%2Fwp%2Fv2%2Fproduct_cat&post=20"},{"taxonomy":"product_tag","embeddable":true,"href":"https:\/\/test.pulchlorenz.de\/index.php?rest_route=%2Fwp%2Fv2%2Fproduct_tag&post=20"}],"curies":[{"name":"wp","href":"https:\/\/api.w.org\/{rel}","templated":true}]}}