{"id":212,"date":"2023-03-21T16:05:29","date_gmt":"2023-03-21T16:05:29","guid":{"rendered":"https:\/\/test.pulchlorenz.de\/?product=filtersatz-91-he-led"},"modified":"2023-03-21T16:05:29","modified_gmt":"2023-03-21T16:05:29","slug":"filtersatz-91-he-led","status":"publish","type":"product","link":"https:\/\/test.pulchlorenz.de\/?product=filtersatz-91-he-led","title":{"rendered":"Filtersatz 91 HE LED"},"content":{"rendered":"<p>Filtersatz 91 HE LED (E) zur Verwendung mit dem Beleuchtungssystem Colibri 7.     Geeignet f\u00fcr Farbstoffe wie z. B. CFP, YFP und mCherry mit den Anregungswellenl\u00e4ngen 430, 511 und 590 nm.     Enth\u00e4lt Farbteiler TFT 450 + 538 + 610 und Emissionsfilter TBP 467\/24 + 555\/25 + 687\/145.<\/p>\n","protected":false},"excerpt":{"rendered":"<p>Filtersatz 91 HE LED (E) zur Verwendung mit dem Beleuchtungssystem Colibri 7. Geeignet f\u00fcr Farbstoffe wie z. B. CFP, YFP und mCherry mit den Anregungswellenl\u00e4ngen 430, 511 und 590 nm. Enth\u00e4lt Farbteiler TFT 450 + 538 + 610 und Emissionsfilter TBP 467\/24 + 555\/25 + 687\/145.<\/p>\n","protected":false},"featured_media":0,"comment_status":"open","ping_status":"closed","template":"","meta":[],"product_brand":[],"product_cat":[15],"product_tag":[],"class_list":{"0":"post-212","1":"product","2":"type-product","3":"status-publish","5":"product_cat-unkategorisiert","7":"first","8":"instock","9":"taxable","10":"shipping-taxable","11":"purchasable","12":"product-type-simple"},"jetpack_sharing_enabled":true,"_links":{"self":[{"href":"https:\/\/test.pulchlorenz.de\/index.php?rest_route=\/wp\/v2\/product\/212","targetHints":{"allow":["GET"]}}],"collection":[{"href":"https:\/\/test.pulchlorenz.de\/index.php?rest_route=\/wp\/v2\/product"}],"about":[{"href":"https:\/\/test.pulchlorenz.de\/index.php?rest_route=\/wp\/v2\/types\/product"}],"replies":[{"embeddable":true,"href":"https:\/\/test.pulchlorenz.de\/index.php?rest_route=%2Fwp%2Fv2%2Fcomments&post=212"}],"wp:attachment":[{"href":"https:\/\/test.pulchlorenz.de\/index.php?rest_route=%2Fwp%2Fv2%2Fmedia&parent=212"}],"wp:term":[{"taxonomy":"product_brand","embeddable":true,"href":"https:\/\/test.pulchlorenz.de\/index.php?rest_route=%2Fwp%2Fv2%2Fproduct_brand&post=212"},{"taxonomy":"product_cat","embeddable":true,"href":"https:\/\/test.pulchlorenz.de\/index.php?rest_route=%2Fwp%2Fv2%2Fproduct_cat&post=212"},{"taxonomy":"product_tag","embeddable":true,"href":"https:\/\/test.pulchlorenz.de\/index.php?rest_route=%2Fwp%2Fv2%2Fproduct_tag&post=212"}],"curies":[{"name":"wp","href":"https:\/\/api.w.org\/{rel}","templated":true}]}}