{"id":25,"date":"2023-03-21T16:04:59","date_gmt":"2023-03-21T16:04:59","guid":{"rendered":"https:\/\/test.pulchlorenz.de\/?product=video-okularadapter-c-08x-fuer-stemi-dv4-und-dv4-spot"},"modified":"2023-03-21T16:04:59","modified_gmt":"2023-03-21T16:04:59","slug":"video-okularadapter-c-08x-fuer-stemi-dv4-und-dv4-spot","status":"publish","type":"product","link":"https:\/\/test.pulchlorenz.de\/?product=video-okularadapter-c-08x-fuer-stemi-dv4-und-dv4-spot","title":{"rendered":"Video-Okularadapter C 0,8x f\u00fcr Stemi DV4 und DV4 SPOT"},"content":{"rendered":"<p>Okularadapter zur Montage einer Kamera an einem Okular eines Stemi DV4 oder DV4 SPOT.  Da die DV4-Mikroskope keinen Fototubus oder auch anderen Kameraausgang besitzen sind Sie f\u00fcr eine Kameraadaption auf die Okulare angewiesen. Der Vergr\u00f6\u00dferungsfaktor 0,8x sorgt daf\u00fcr, dass je nach angeschlossener ein m\u00f6glichst gro\u00dfer Bildausschnitt auf dem Kamerachip ankommt.  DV4- und DV4 SPOT- Kamera-adapter, passend zu folgenden Mikroskopkameras  \t  P+L DokuCam<\/p>\n","protected":false},"excerpt":{"rendered":"<p>Okularadapter zur Montage einer Kamera an einem Okular eines Stemi DV4 oder DV4 SPOT. Da die DV4-Mikroskope keinen Fototubus oder auch anderen Kameraausgang besitzen sind Sie f\u00fcr eine Kameraadaption auf die Okulare angewiesen. Der Vergr\u00f6\u00dferungsfaktor 0,8x sorgt daf\u00fcr, dass je nach angeschlossener ein m\u00f6glichst gro\u00dfer Bildausschnitt auf dem Kamerachip ankommt. DV4- und DV4 SPOT- Kamera-adapter, [&hellip;]<\/p>\n","protected":false},"featured_media":0,"comment_status":"open","ping_status":"closed","template":"","meta":[],"product_brand":[],"product_cat":[15],"product_tag":[],"class_list":{"0":"post-25","1":"product","2":"type-product","3":"status-publish","5":"product_cat-unkategorisiert","7":"first","8":"instock","9":"taxable","10":"shipping-taxable","11":"purchasable","12":"product-type-simple"},"jetpack_sharing_enabled":true,"_links":{"self":[{"href":"https:\/\/test.pulchlorenz.de\/index.php?rest_route=\/wp\/v2\/product\/25","targetHints":{"allow":["GET"]}}],"collection":[{"href":"https:\/\/test.pulchlorenz.de\/index.php?rest_route=\/wp\/v2\/product"}],"about":[{"href":"https:\/\/test.pulchlorenz.de\/index.php?rest_route=\/wp\/v2\/types\/product"}],"replies":[{"embeddable":true,"href":"https:\/\/test.pulchlorenz.de\/index.php?rest_route=%2Fwp%2Fv2%2Fcomments&post=25"}],"wp:attachment":[{"href":"https:\/\/test.pulchlorenz.de\/index.php?rest_route=%2Fwp%2Fv2%2Fmedia&parent=25"}],"wp:term":[{"taxonomy":"product_brand","embeddable":true,"href":"https:\/\/test.pulchlorenz.de\/index.php?rest_route=%2Fwp%2Fv2%2Fproduct_brand&post=25"},{"taxonomy":"product_cat","embeddable":true,"href":"https:\/\/test.pulchlorenz.de\/index.php?rest_route=%2Fwp%2Fv2%2Fproduct_cat&post=25"},{"taxonomy":"product_tag","embeddable":true,"href":"https:\/\/test.pulchlorenz.de\/index.php?rest_route=%2Fwp%2Fv2%2Fproduct_tag&post=25"}],"curies":[{"name":"wp","href":"https:\/\/api.w.org\/{rel}","templated":true}]}}