{"id":273,"date":"2023-03-21T16:05:38","date_gmt":"2023-03-21T16:05:38","guid":{"rendered":"https:\/\/test.pulchlorenz.de\/?product=easyled-ringlicht-plus-system-d66mm-segmentierbar"},"modified":"2023-03-21T16:05:38","modified_gmt":"2023-03-21T16:05:38","slug":"easyled-ringlicht-plus-system-d66mm-segmentierbar","status":"publish","type":"product","link":"https:\/\/test.pulchlorenz.de\/?product=easyled-ringlicht-plus-system-d66mm-segmentierbar","title":{"rendered":"EasyLED Ringlicht plus System, d=66mm, segmentierbar"},"content":{"rendered":"<p>Stufenlos dimmbar; segmentierbar. Die Sterung erfolgt \u00fcber einen Jog-Dial&#8220;-Schalter direkt am Ringlicht.  Der Innendurchmesser \u00d8i bertr\u00e4gt 66 mm.  inklusive Netzteil (100-240V) und integriertem Controller        &#8222;<\/p>\n","protected":false},"excerpt":{"rendered":"<p>Stufenlos dimmbar; segmentierbar. Die Sterung erfolgt \u00fcber einen Jog-Dial&#8220;-Schalter direkt am Ringlicht. Der Innendurchmesser \u00d8i bertr\u00e4gt 66 mm. inklusive Netzteil (100-240V) und integriertem Controller &#8222;<\/p>\n","protected":false},"featured_media":0,"comment_status":"open","ping_status":"closed","template":"","meta":[],"product_brand":[],"product_cat":[15],"product_tag":[],"class_list":{"0":"post-273","1":"product","2":"type-product","3":"status-publish","5":"product_cat-unkategorisiert","7":"first","8":"instock","9":"taxable","10":"shipping-taxable","11":"purchasable","12":"product-type-simple"},"jetpack_sharing_enabled":true,"_links":{"self":[{"href":"https:\/\/test.pulchlorenz.de\/index.php?rest_route=\/wp\/v2\/product\/273","targetHints":{"allow":["GET"]}}],"collection":[{"href":"https:\/\/test.pulchlorenz.de\/index.php?rest_route=\/wp\/v2\/product"}],"about":[{"href":"https:\/\/test.pulchlorenz.de\/index.php?rest_route=\/wp\/v2\/types\/product"}],"replies":[{"embeddable":true,"href":"https:\/\/test.pulchlorenz.de\/index.php?rest_route=%2Fwp%2Fv2%2Fcomments&post=273"}],"wp:attachment":[{"href":"https:\/\/test.pulchlorenz.de\/index.php?rest_route=%2Fwp%2Fv2%2Fmedia&parent=273"}],"wp:term":[{"taxonomy":"product_brand","embeddable":true,"href":"https:\/\/test.pulchlorenz.de\/index.php?rest_route=%2Fwp%2Fv2%2Fproduct_brand&post=273"},{"taxonomy":"product_cat","embeddable":true,"href":"https:\/\/test.pulchlorenz.de\/index.php?rest_route=%2Fwp%2Fv2%2Fproduct_cat&post=273"},{"taxonomy":"product_tag","embeddable":true,"href":"https:\/\/test.pulchlorenz.de\/index.php?rest_route=%2Fwp%2Fv2%2Fproduct_tag&post=273"}],"curies":[{"name":"wp","href":"https:\/\/api.w.org\/{rel}","templated":true}]}}