{"id":285,"date":"2023-03-21T16:05:41","date_gmt":"2023-03-21T16:05:41","guid":{"rendered":"https:\/\/test.pulchlorenz.de\/?product=flexi-kugelkopf-standard"},"modified":"2023-03-21T16:05:41","modified_gmt":"2023-03-21T16:05:41","slug":"flexi-kugelkopf-standard","status":"publish","type":"product","link":"https:\/\/test.pulchlorenz.de\/?product=flexi-kugelkopf-standard","title":{"rendered":"Flexi Kugelkopf standard"},"content":{"rendered":"<p>Mit 32mm-S\u00e4ule zur Befestigung eines Mikroskoptr\u00e4gers\/Stemi-Tr\u00e4gers.  Der Kugelkopf erm\u00f6glicht es Ihnen, das Mikroskop in jedem Winkel frei zu positionieren und zu fixieren und eignet sich damit ganz besonders f\u00fcr den Einsatz an einem Bodenstativ f\u00fcr gro\u00dfe unbewegliche Proben.  360\u00b0 drehbar, 180\u00b0 neigbar .   Die schwere Variante dieses Kugelkopfes setzen wir in Kombination mit dem &#8218;Federgelenkarm schwer&#8216; f\u00fcr besonders gro\u00dfe und schwere Mikroskope ein.<\/p>\n","protected":false},"excerpt":{"rendered":"<p>Mit 32mm-S\u00e4ule zur Befestigung eines Mikroskoptr\u00e4gers\/Stemi-Tr\u00e4gers. Der Kugelkopf erm\u00f6glicht es Ihnen, das Mikroskop in jedem Winkel frei zu positionieren und zu fixieren und eignet sich damit ganz besonders f\u00fcr den Einsatz an einem Bodenstativ f\u00fcr gro\u00dfe unbewegliche Proben. 360\u00b0 drehbar, 180\u00b0 neigbar . Die schwere Variante dieses Kugelkopfes setzen wir in Kombination mit dem &#8218;Federgelenkarm [&hellip;]<\/p>\n","protected":false},"featured_media":0,"comment_status":"open","ping_status":"closed","template":"","meta":[],"product_brand":[],"product_cat":[15],"product_tag":[],"class_list":{"0":"post-285","1":"product","2":"type-product","3":"status-publish","5":"product_cat-unkategorisiert","7":"first","8":"instock","9":"taxable","10":"shipping-taxable","11":"purchasable","12":"product-type-simple"},"jetpack_sharing_enabled":true,"_links":{"self":[{"href":"https:\/\/test.pulchlorenz.de\/index.php?rest_route=\/wp\/v2\/product\/285","targetHints":{"allow":["GET"]}}],"collection":[{"href":"https:\/\/test.pulchlorenz.de\/index.php?rest_route=\/wp\/v2\/product"}],"about":[{"href":"https:\/\/test.pulchlorenz.de\/index.php?rest_route=\/wp\/v2\/types\/product"}],"replies":[{"embeddable":true,"href":"https:\/\/test.pulchlorenz.de\/index.php?rest_route=%2Fwp%2Fv2%2Fcomments&post=285"}],"wp:attachment":[{"href":"https:\/\/test.pulchlorenz.de\/index.php?rest_route=%2Fwp%2Fv2%2Fmedia&parent=285"}],"wp:term":[{"taxonomy":"product_brand","embeddable":true,"href":"https:\/\/test.pulchlorenz.de\/index.php?rest_route=%2Fwp%2Fv2%2Fproduct_brand&post=285"},{"taxonomy":"product_cat","embeddable":true,"href":"https:\/\/test.pulchlorenz.de\/index.php?rest_route=%2Fwp%2Fv2%2Fproduct_cat&post=285"},{"taxonomy":"product_tag","embeddable":true,"href":"https:\/\/test.pulchlorenz.de\/index.php?rest_route=%2Fwp%2Fv2%2Fproduct_tag&post=285"}],"curies":[{"name":"wp","href":"https:\/\/api.w.org\/{rel}","templated":true}]}}