{"id":781,"date":"2023-03-21T16:07:06","date_gmt":"2023-03-21T16:07:06","guid":{"rendered":"https:\/\/test.pulchlorenz.de\/?product=filtersatz-90-he-led"},"modified":"2023-03-21T16:07:06","modified_gmt":"2023-03-21T16:07:06","slug":"filtersatz-90-he-led","status":"publish","type":"product","link":"https:\/\/test.pulchlorenz.de\/?product=filtersatz-90-he-led","title":{"rendered":"Filtersatz 90 HE LED"},"content":{"rendered":"<p>Filtersatz 90 HE LED zur Verwendung mit dem Beleuchtungssystem Colibri.   Geeignet f\u00fcr Farbstoffe wie z. B. DAPI, FITC, TRITC und Cy5 mit den Anregungswellenl\u00e4ngen 385, 475, 555 und 630 nm.  Enth\u00e4lt Farbteiler QFT 405 + 493 + 575 + 653 und Emissionsfilter QBP 425\/30 + 514\/30 + 592\/30 + 709\/100.<\/p>\n","protected":false},"excerpt":{"rendered":"<p>Filtersatz 90 HE LED zur Verwendung mit dem Beleuchtungssystem Colibri. Geeignet f\u00fcr Farbstoffe wie z. B. DAPI, FITC, TRITC und Cy5 mit den Anregungswellenl\u00e4ngen 385, 475, 555 und 630 nm. Enth\u00e4lt Farbteiler QFT 405 + 493 + 575 + 653 und Emissionsfilter QBP 425\/30 + 514\/30 + 592\/30 + 709\/100.<\/p>\n","protected":false},"featured_media":0,"comment_status":"open","ping_status":"closed","template":"","meta":[],"product_brand":[],"product_cat":[15],"product_tag":[],"class_list":{"0":"post-781","1":"product","2":"type-product","3":"status-publish","5":"product_cat-unkategorisiert","7":"first","8":"instock","9":"taxable","10":"shipping-taxable","11":"purchasable","12":"product-type-simple"},"jetpack_sharing_enabled":true,"_links":{"self":[{"href":"https:\/\/test.pulchlorenz.de\/index.php?rest_route=\/wp\/v2\/product\/781","targetHints":{"allow":["GET"]}}],"collection":[{"href":"https:\/\/test.pulchlorenz.de\/index.php?rest_route=\/wp\/v2\/product"}],"about":[{"href":"https:\/\/test.pulchlorenz.de\/index.php?rest_route=\/wp\/v2\/types\/product"}],"replies":[{"embeddable":true,"href":"https:\/\/test.pulchlorenz.de\/index.php?rest_route=%2Fwp%2Fv2%2Fcomments&post=781"}],"wp:attachment":[{"href":"https:\/\/test.pulchlorenz.de\/index.php?rest_route=%2Fwp%2Fv2%2Fmedia&parent=781"}],"wp:term":[{"taxonomy":"product_brand","embeddable":true,"href":"https:\/\/test.pulchlorenz.de\/index.php?rest_route=%2Fwp%2Fv2%2Fproduct_brand&post=781"},{"taxonomy":"product_cat","embeddable":true,"href":"https:\/\/test.pulchlorenz.de\/index.php?rest_route=%2Fwp%2Fv2%2Fproduct_cat&post=781"},{"taxonomy":"product_tag","embeddable":true,"href":"https:\/\/test.pulchlorenz.de\/index.php?rest_route=%2Fwp%2Fv2%2Fproduct_tag&post=781"}],"curies":[{"name":"wp","href":"https:\/\/api.w.org\/{rel}","templated":true}]}}