{"id":788,"date":"2023-03-21T16:07:07","date_gmt":"2023-03-21T16:07:07","guid":{"rendered":"https:\/\/test.pulchlorenz.de\/?product=filtersatz-92-he-led"},"modified":"2023-03-21T16:07:07","modified_gmt":"2023-03-21T16:07:07","slug":"filtersatz-92-he-led","status":"publish","type":"product","link":"https:\/\/test.pulchlorenz.de\/?product=filtersatz-92-he-led","title":{"rendered":"Filtersatz 92 HE LED"},"content":{"rendered":"<p>Filtersatz 92 HE LED (E) zur Verwendung mit dem Beleuchtungssystem Colibri 7.     Geeignet f\u00fcr Farbstoffe wie z. B. DAPI, GFP und mCherry mit den Anregungswellenl\u00e4ngen 385, 475 und 590 nm.     Enth\u00e4lt Farbteiler TFT 405 + 493 + 610 und Emissionsfilter TBP 425\/30 + 524\/50 + 688\/145.<\/p>\n","protected":false},"excerpt":{"rendered":"<p>Filtersatz 92 HE LED (E) zur Verwendung mit dem Beleuchtungssystem Colibri 7. Geeignet f\u00fcr Farbstoffe wie z. B. DAPI, GFP und mCherry mit den Anregungswellenl\u00e4ngen 385, 475 und 590 nm. Enth\u00e4lt Farbteiler TFT 405 + 493 + 610 und Emissionsfilter TBP 425\/30 + 524\/50 + 688\/145.<\/p>\n","protected":false},"featured_media":0,"comment_status":"open","ping_status":"closed","template":"","meta":[],"product_brand":[],"product_cat":[15],"product_tag":[],"class_list":{"0":"post-788","1":"product","2":"type-product","3":"status-publish","5":"product_cat-unkategorisiert","7":"first","8":"instock","9":"taxable","10":"shipping-taxable","11":"purchasable","12":"product-type-simple"},"jetpack_sharing_enabled":true,"_links":{"self":[{"href":"https:\/\/test.pulchlorenz.de\/index.php?rest_route=\/wp\/v2\/product\/788","targetHints":{"allow":["GET"]}}],"collection":[{"href":"https:\/\/test.pulchlorenz.de\/index.php?rest_route=\/wp\/v2\/product"}],"about":[{"href":"https:\/\/test.pulchlorenz.de\/index.php?rest_route=\/wp\/v2\/types\/product"}],"replies":[{"embeddable":true,"href":"https:\/\/test.pulchlorenz.de\/index.php?rest_route=%2Fwp%2Fv2%2Fcomments&post=788"}],"wp:attachment":[{"href":"https:\/\/test.pulchlorenz.de\/index.php?rest_route=%2Fwp%2Fv2%2Fmedia&parent=788"}],"wp:term":[{"taxonomy":"product_brand","embeddable":true,"href":"https:\/\/test.pulchlorenz.de\/index.php?rest_route=%2Fwp%2Fv2%2Fproduct_brand&post=788"},{"taxonomy":"product_cat","embeddable":true,"href":"https:\/\/test.pulchlorenz.de\/index.php?rest_route=%2Fwp%2Fv2%2Fproduct_cat&post=788"},{"taxonomy":"product_tag","embeddable":true,"href":"https:\/\/test.pulchlorenz.de\/index.php?rest_route=%2Fwp%2Fv2%2Fproduct_tag&post=788"}],"curies":[{"name":"wp","href":"https:\/\/api.w.org\/{rel}","templated":true}]}}