{"id":794,"date":"2023-03-21T16:07:08","date_gmt":"2023-03-21T16:07:08","guid":{"rendered":"https:\/\/test.pulchlorenz.de\/?product=mikroskopkamera-axiocam-erc-5s-rev-2-usb2-5mp-1-25quot"},"modified":"2023-03-21T16:07:08","modified_gmt":"2023-03-21T16:07:08","slug":"mikroskopkamera-axiocam-erc-5s-rev-2-usb2-5mp-1-25quot","status":"publish","type":"product","link":"https:\/\/test.pulchlorenz.de\/?product=mikroskopkamera-axiocam-erc-5s-rev-2-usb2-5mp-1-25quot","title":{"rendered":"Mikroskopkamera AxioCam ERc 5s Rev. 2 (USB2, 5MP, 1\/2,5&amp;quot;)"},"content":{"rendered":"<p>\u00a0Die 5 Megapixel CMOS-Kamera AxioCam ERc 5s gibt es inzwischen in der Revision 2 und bietet nicht nur den einfachsten, sondern auch umfassendsten Einstieg zum Betrieb einer Mikroskopkamera.  Diese Kamera kann als vollwertige Mikroskopkamera (zusammen mit der Mikroskopiesoftware ZEN oder Axiovision) oder als Ersatz f\u00fcr eine Videokamera mit schnellem und gut aufgel\u00f6stem Livebild in der Ausbildung und bei Routineanwendungen eingesetzt werden. \u00a0  \t Mikroskopie-Kamera AxioCam ERc 5s Rev.2 inkl. Treiber-Software und USB 2.0 Y-Verbindungskabel, 2 m. \t Sensor: Micron MT9P031, 5 Megapixel, color, CMOS \t Anzahl der Pixel: 2560 (H) x 1920 (V) = 5,0 Megapixel \t Pixelgr\u00f6\u00dfe: 2,2 \u00b5m x 2,2 \u00b5m \t Sensorgr\u00f6\u00dfe: 5,7 x 4,28 mm, entspricht 1\/2,5 (Diagonale 7,1 mm) \t Live Bildwiederholrate (abh\u00e4ngig von Hardware- und Softwarekonfiguration): H x V Bildrate (800&#215;600) 20 \t Live Bildwiederholrate standalone \u00fcber DVI-D (HDMI) : H x V Bildrate (1280&#215;720) 60, (1920&#215;1080) 30 \t Digitalisierung: 3 x 8 bit\/Pixel \t Integrationszeit: 10 \u00b5s bis 2 s \t Schnittstellen:\t \t\t 1x SD-Karteneinschub (SD und SDHC Karten), \t\t 1x mini USB 2.0 (Anschlusskabel enthalten), \t\t 1x DVI-D (HDMI), \t\t 1x Ethernet RJ45 100 Mbit, \t\t 1x IR Sensor Spektralbereich: ca. 400 bis 700 nm, IR-Filter \t \t \t Auslesemodus: progressiv \t optische Schnittstelle: C-mount \t Zulassungen: CE \t Umgebungsbedingungen: +5\u00b0 &#8230; +45\u00b0 Celsius, max.80% relative Luftfeuchtigkeit, nicht kondensierend, freie Luftzirkulation erforderlich \t Spannungsversorgung: \u00fcber 2x USB 2.0 (Y-Verbindungskabel) oder externes USB Netzteil (optional) \t Bedienkn\u00f6pfe: Bilderfassung, Wei\u00dfabgleich Unterst\u00fctzte \t Betriebssysteme: Windows 7 x32 SP1 (ZEN lite \/ Axiovision lite) Windows 7 x64 SP1 (ZEN lite\/pro\/system \/ Axiovision) \t Die Kamera ist netzwerkf\u00e4hig und kann mit der ZEISS iPad App Labscope oder Matscope verwendet werden. Die Apps sind frei zum Download im Apple App Store verf\u00fcgbar.   \t inkl. Software ZEISS ZEN 2 Starter  &#8222;<\/p>\n","protected":false},"excerpt":{"rendered":"<p>\u00a0Die 5 Megapixel CMOS-Kamera AxioCam ERc 5s gibt es inzwischen in der Revision 2 und bietet nicht nur den einfachsten, sondern auch umfassendsten Einstieg zum Betrieb einer Mikroskopkamera. Diese Kamera kann als vollwertige Mikroskopkamera (zusammen mit der Mikroskopiesoftware ZEN oder Axiovision) oder als Ersatz f\u00fcr eine Videokamera mit schnellem und gut aufgel\u00f6stem Livebild in der [&hellip;]<\/p>\n","protected":false},"featured_media":0,"comment_status":"open","ping_status":"closed","template":"","meta":[],"product_brand":[],"product_cat":[15],"product_tag":[],"class_list":{"0":"post-794","1":"product","2":"type-product","3":"status-publish","5":"product_cat-unkategorisiert","7":"first","8":"instock","9":"taxable","10":"shipping-taxable","11":"purchasable","12":"product-type-simple"},"jetpack_sharing_enabled":true,"_links":{"self":[{"href":"https:\/\/test.pulchlorenz.de\/index.php?rest_route=\/wp\/v2\/product\/794","targetHints":{"allow":["GET"]}}],"collection":[{"href":"https:\/\/test.pulchlorenz.de\/index.php?rest_route=\/wp\/v2\/product"}],"about":[{"href":"https:\/\/test.pulchlorenz.de\/index.php?rest_route=\/wp\/v2\/types\/product"}],"replies":[{"embeddable":true,"href":"https:\/\/test.pulchlorenz.de\/index.php?rest_route=%2Fwp%2Fv2%2Fcomments&post=794"}],"wp:attachment":[{"href":"https:\/\/test.pulchlorenz.de\/index.php?rest_route=%2Fwp%2Fv2%2Fmedia&parent=794"}],"wp:term":[{"taxonomy":"product_brand","embeddable":true,"href":"https:\/\/test.pulchlorenz.de\/index.php?rest_route=%2Fwp%2Fv2%2Fproduct_brand&post=794"},{"taxonomy":"product_cat","embeddable":true,"href":"https:\/\/test.pulchlorenz.de\/index.php?rest_route=%2Fwp%2Fv2%2Fproduct_cat&post=794"},{"taxonomy":"product_tag","embeddable":true,"href":"https:\/\/test.pulchlorenz.de\/index.php?rest_route=%2Fwp%2Fv2%2Fproduct_tag&post=794"}],"curies":[{"name":"wp","href":"https:\/\/api.w.org\/{rel}","templated":true}]}}