{"id":796,"date":"2023-03-21T16:07:08","date_gmt":"2023-03-21T16:07:08","guid":{"rendered":"https:\/\/test.pulchlorenz.de\/?product=dokucam-6mp-1-18quot-usb3-inkl-software"},"modified":"2023-03-21T16:07:08","modified_gmt":"2023-03-21T16:07:08","slug":"dokucam-6mp-1-18quot-usb3-inkl-software","status":"publish","type":"product","link":"https:\/\/test.pulchlorenz.de\/?product=dokucam-6mp-1-18quot-usb3-inkl-software","title":{"rendered":"Dokucam 6MP 1\/1,8&amp;quot; USB3 inkl. Software"},"content":{"rendered":"<p>Ob zur Dokumentation, f\u00fcr Schulungen, oder einfach als Arbeitserleichterung, mit Digitalkamera haben Sie ein gestochen scharfes Livebild jederzeit am Bildschirm und k\u00f6nnen alle Kameraparameter bequem per Software steuern. \u00a0Durch eine Bildwiederholrate von 40 Bildern pro Sekunde bei voller Aufl\u00f6sung\u00a0\u00fcberzeugt diese Kamera Sowohl f\u00fcr Einzelaufnahmen wie auch f\u00fcr die Liveansicht w\u00e4hrend des Arbeitens unter dem Mikroskop.  Ohne weiteren Adapter optimal passend zu den Mikroskopen Zeiss Stemi 305 trino und Zeiss Stemi 508 doc\/trino sowie allen modularen Zeiss-Mikroskopen mit 0,5x-Adaption\u00a0mit C-Mount-Anschlu\u00df.   \t USB3-Mikroskopkamera mit 1\/1,8\u00a0 Sensor (7,3 x 4,9mm) \t CMOS-Sensor, rolling shutter, Pixelgr\u00f6\u00dfe 2,4 x 2,4\u00b5m \t 6,29 Megapixel Aufl\u00f6sung (3072 x 2048), 40 Bilder pro Sekunde \t Dynamikbereich\/Digitalisierung: 8\/12 Bit \t Stromversorgung \u00fcber das mitgelieferte USB3 Kabel. \t C\/CS-Mount (ohne Objektiv) \t Gewicht: 65g \t Abmessungen: 29\u00a0x 29\u00a0x 43\u00a0mm \t inkl. Windows-Auswertungssoftware\t \t\t  PL\u00a0Capture \u00a0(u.a. Livebild,\u00a0Bilder speichern, Videos aufzeichnen) \t\t  PL Measure \u00a0(Messfunktionen) \t\t  PL Fullscreen Presenter \u00a0(Vollbilddarstellung f\u00fcr Pr\u00e4sentationen und Schulungen) \t \t \t DirectShow-kompatible-Treiber, so l\u00e4sst sich die Kamera in verschiedenen\u00a0anderen Anwendungen benutzen<\/p>\n","protected":false},"excerpt":{"rendered":"<p>Ob zur Dokumentation, f\u00fcr Schulungen, oder einfach als Arbeitserleichterung, mit Digitalkamera haben Sie ein gestochen scharfes Livebild jederzeit am Bildschirm und k\u00f6nnen alle Kameraparameter bequem per Software steuern. \u00a0Durch eine Bildwiederholrate von 40 Bildern pro Sekunde bei voller Aufl\u00f6sung\u00a0\u00fcberzeugt diese Kamera Sowohl f\u00fcr Einzelaufnahmen wie auch f\u00fcr die Liveansicht w\u00e4hrend des Arbeitens unter dem Mikroskop. [&hellip;]<\/p>\n","protected":false},"featured_media":0,"comment_status":"open","ping_status":"closed","template":"","meta":[],"product_brand":[],"product_cat":[15],"product_tag":[],"class_list":{"0":"post-796","1":"product","2":"type-product","3":"status-publish","5":"product_cat-unkategorisiert","7":"first","8":"instock","9":"taxable","10":"shipping-taxable","11":"purchasable","12":"product-type-simple"},"jetpack_sharing_enabled":true,"_links":{"self":[{"href":"https:\/\/test.pulchlorenz.de\/index.php?rest_route=\/wp\/v2\/product\/796","targetHints":{"allow":["GET"]}}],"collection":[{"href":"https:\/\/test.pulchlorenz.de\/index.php?rest_route=\/wp\/v2\/product"}],"about":[{"href":"https:\/\/test.pulchlorenz.de\/index.php?rest_route=\/wp\/v2\/types\/product"}],"replies":[{"embeddable":true,"href":"https:\/\/test.pulchlorenz.de\/index.php?rest_route=%2Fwp%2Fv2%2Fcomments&post=796"}],"wp:attachment":[{"href":"https:\/\/test.pulchlorenz.de\/index.php?rest_route=%2Fwp%2Fv2%2Fmedia&parent=796"}],"wp:term":[{"taxonomy":"product_brand","embeddable":true,"href":"https:\/\/test.pulchlorenz.de\/index.php?rest_route=%2Fwp%2Fv2%2Fproduct_brand&post=796"},{"taxonomy":"product_cat","embeddable":true,"href":"https:\/\/test.pulchlorenz.de\/index.php?rest_route=%2Fwp%2Fv2%2Fproduct_cat&post=796"},{"taxonomy":"product_tag","embeddable":true,"href":"https:\/\/test.pulchlorenz.de\/index.php?rest_route=%2Fwp%2Fv2%2Fproduct_tag&post=796"}],"curies":[{"name":"wp","href":"https:\/\/api.w.org\/{rel}","templated":true}]}}