{"id":841,"date":"2023-03-21T16:07:16","date_gmt":"2023-03-21T16:07:16","guid":{"rendered":"https:\/\/test.pulchlorenz.de\/?product=abdeckkappen-set-bestehend-aus-okularabdeckung-und-schutzabdeckung-fuer-leuchtfeldblendenoptik"},"modified":"2023-03-21T16:07:16","modified_gmt":"2023-03-21T16:07:16","slug":"abdeckkappen-set-bestehend-aus-okularabdeckung-und-schutzabdeckung-fuer-leuchtfeldblendenoptik","status":"publish","type":"product","link":"https:\/\/test.pulchlorenz.de\/?product=abdeckkappen-set-bestehend-aus-okularabdeckung-und-schutzabdeckung-fuer-leuchtfeldblendenoptik","title":{"rendered":"Abdeckkappen-Set bestehend aus Okularabdeckung und Schutzabdeckung f\u00fcr Leuchtfeldblendenoptik"},"content":{"rendered":"<p>Abdeckkappen-Set bestehend aus Okularabdeckung (passend f\u00fcr alle regul\u00e4ren Mikroskope\/Okulare) und Schutzabdeckung f\u00fcr gro\u00dfe Leuchtfeldblendenoptik, z.B. Axio Imager   Kompatible Mikroskope:  \t Axio Imager Vario \t Axio Imager.A1 \t Axio Imager.A1m \t Axio Imager.A2 \t Axio Imager.A2m \t Axio Imager.D1 \t Axio Imager.D1 f\u00fcr Auflicht-Fluoreszenz mit ApoTome&#8220; \t Axio Imager.D1m \t Axio Imager.D2 \t Axio Imager.D2m \t Axio Imager.M1 \t Axio Imager.M1m \t Axio Imager.M2 \t Axio Imager.M2m \t Axio Imager.Z1 \t Axio Imager.Z1 + ApoTome \t Axio Imager.Z1m \t Axio Imager.Z2 \t Axio Imager.Z2m \t Axiolab \t Axioplan 2 Imaging \t Axioplan 2 Imaging \t Axioplan 2 Imaging E \t Axioplan 2 Imaging f\u00fcr Auflicht-Fluoreszenz mit &#8222;ApoTome&#8220; \t Axioplan 2 Imaging MAT \t Axioskop 2 FS MOT \t Axioskop 2 FS Plus \t Axioskop 2 MAT \t Axioskop 2 MAT mot \t Axioskop 2 MOT Plus \t Axioskop 2 Plus \t Axioskop 20 \t Axioskop 40 \t Axioskop 40 A Pol \t Axioskop 40 FL \t Axioskop 40 Pol \t Axioskop 50 \t Axiostar \t Axiostar plus \t Axiostar plus FL \t SteREO Discovery.V12 \t SteREO Discovery.V8  &#8222;<\/p>\n","protected":false},"excerpt":{"rendered":"<p>Abdeckkappen-Set bestehend aus Okularabdeckung (passend f\u00fcr alle regul\u00e4ren Mikroskope\/Okulare) und Schutzabdeckung f\u00fcr gro\u00dfe Leuchtfeldblendenoptik, z.B. Axio Imager Kompatible Mikroskope: Axio Imager Vario Axio Imager.A1 Axio Imager.A1m Axio Imager.A2 Axio Imager.A2m Axio Imager.D1 Axio Imager.D1 f\u00fcr Auflicht-Fluoreszenz mit ApoTome&#8220; Axio Imager.D1m Axio Imager.D2 Axio Imager.D2m Axio Imager.M1 Axio Imager.M1m Axio Imager.M2 Axio Imager.M2m Axio Imager.Z1 Axio [&hellip;]<\/p>\n","protected":false},"featured_media":0,"comment_status":"open","ping_status":"closed","template":"","meta":[],"product_brand":[],"product_cat":[15],"product_tag":[],"class_list":{"0":"post-841","1":"product","2":"type-product","3":"status-publish","5":"product_cat-unkategorisiert","7":"first","8":"instock","9":"taxable","10":"shipping-taxable","11":"purchasable","12":"product-type-simple"},"jetpack_sharing_enabled":true,"_links":{"self":[{"href":"https:\/\/test.pulchlorenz.de\/index.php?rest_route=\/wp\/v2\/product\/841","targetHints":{"allow":["GET"]}}],"collection":[{"href":"https:\/\/test.pulchlorenz.de\/index.php?rest_route=\/wp\/v2\/product"}],"about":[{"href":"https:\/\/test.pulchlorenz.de\/index.php?rest_route=\/wp\/v2\/types\/product"}],"replies":[{"embeddable":true,"href":"https:\/\/test.pulchlorenz.de\/index.php?rest_route=%2Fwp%2Fv2%2Fcomments&post=841"}],"wp:attachment":[{"href":"https:\/\/test.pulchlorenz.de\/index.php?rest_route=%2Fwp%2Fv2%2Fmedia&parent=841"}],"wp:term":[{"taxonomy":"product_brand","embeddable":true,"href":"https:\/\/test.pulchlorenz.de\/index.php?rest_route=%2Fwp%2Fv2%2Fproduct_brand&post=841"},{"taxonomy":"product_cat","embeddable":true,"href":"https:\/\/test.pulchlorenz.de\/index.php?rest_route=%2Fwp%2Fv2%2Fproduct_cat&post=841"},{"taxonomy":"product_tag","embeddable":true,"href":"https:\/\/test.pulchlorenz.de\/index.php?rest_route=%2Fwp%2Fv2%2Fproduct_tag&post=841"}],"curies":[{"name":"wp","href":"https:\/\/api.w.org\/{rel}","templated":true}]}}