{"id":854,"date":"2023-03-21T16:07:18","date_gmt":"2023-03-21T16:07:18","guid":{"rendered":"https:\/\/test.pulchlorenz.de\/?product=kondensor-09-125-h-d-ph1-ph2-ph3"},"modified":"2023-03-21T16:07:18","modified_gmt":"2023-03-21T16:07:18","slug":"kondensor-09-125-h-d-ph1-ph2-ph3","status":"publish","type":"product","link":"https:\/\/test.pulchlorenz.de\/?product=kondensor-09-125-h-d-ph1-ph2-ph3","title":{"rendered":"Kondensor 0,9\/ 1,25 H, D, Ph1, Ph2, Ph3"},"content":{"rendered":"<p>Kondensor 0,9\/ 1,25 H, D, Ph1, Ph2, Ph3 f\u00fcr Axio Lab.A1 f\u00fcr Objektive 5x-100x,  geeignet f\u00fcr \u00dcbersichtseinrichtung ab 2,5x, a=0,8mm   Kompatible Mikroskope:  \t Axio Lab.A1 \t Axio Lab.A1 FL-LED<\/p>\n","protected":false},"excerpt":{"rendered":"<p>Kondensor 0,9\/ 1,25 H, D, Ph1, Ph2, Ph3 f\u00fcr Axio Lab.A1 f\u00fcr Objektive 5x-100x, geeignet f\u00fcr \u00dcbersichtseinrichtung ab 2,5x, a=0,8mm Kompatible Mikroskope: Axio Lab.A1 Axio Lab.A1 FL-LED<\/p>\n","protected":false},"featured_media":0,"comment_status":"open","ping_status":"closed","template":"","meta":[],"product_brand":[],"product_cat":[15],"product_tag":[],"class_list":{"0":"post-854","1":"product","2":"type-product","3":"status-publish","5":"product_cat-unkategorisiert","7":"first","8":"instock","9":"taxable","10":"shipping-taxable","11":"purchasable","12":"product-type-simple"},"jetpack_sharing_enabled":true,"_links":{"self":[{"href":"https:\/\/test.pulchlorenz.de\/index.php?rest_route=\/wp\/v2\/product\/854","targetHints":{"allow":["GET"]}}],"collection":[{"href":"https:\/\/test.pulchlorenz.de\/index.php?rest_route=\/wp\/v2\/product"}],"about":[{"href":"https:\/\/test.pulchlorenz.de\/index.php?rest_route=\/wp\/v2\/types\/product"}],"replies":[{"embeddable":true,"href":"https:\/\/test.pulchlorenz.de\/index.php?rest_route=%2Fwp%2Fv2%2Fcomments&post=854"}],"wp:attachment":[{"href":"https:\/\/test.pulchlorenz.de\/index.php?rest_route=%2Fwp%2Fv2%2Fmedia&parent=854"}],"wp:term":[{"taxonomy":"product_brand","embeddable":true,"href":"https:\/\/test.pulchlorenz.de\/index.php?rest_route=%2Fwp%2Fv2%2Fproduct_brand&post=854"},{"taxonomy":"product_cat","embeddable":true,"href":"https:\/\/test.pulchlorenz.de\/index.php?rest_route=%2Fwp%2Fv2%2Fproduct_cat&post=854"},{"taxonomy":"product_tag","embeddable":true,"href":"https:\/\/test.pulchlorenz.de\/index.php?rest_route=%2Fwp%2Fv2%2Fproduct_tag&post=854"}],"curies":[{"name":"wp","href":"https:\/\/api.w.org\/{rel}","templated":true}]}}