{"id":861,"date":"2023-03-21T16:07:19","date_gmt":"2023-03-21T16:07:19","guid":{"rendered":"https:\/\/test.pulchlorenz.de\/?product=binokularer-tubus-25-22-mit-integrierter-kamera-8mp"},"modified":"2023-03-21T16:07:19","modified_gmt":"2023-03-21T16:07:19","slug":"binokularer-tubus-25-22-mit-integrierter-kamera-8mp","status":"publish","type":"product","link":"https:\/\/test.pulchlorenz.de\/?product=binokularer-tubus-25-22-mit-integrierter-kamera-8mp","title":{"rendered":"Binokularer Tubus 25\u00b0\/22 mit integrierter Kamera 8MP"},"content":{"rendered":"<p>Spezifikation Kamera\u00a0  \t Sensortyp: Sony CMOS Farbsensor mit Rolling Shutter Anzahl der Pixel: 3840 (H) x 2160 (V) = 8.3MP, Ultra HD (4K) Selektierbare Aufl\u00f6sungen: 3840 x 2160= Ultra HD (4K) und 1920 x 1080 = Full HD (1080p)\u00a0 \t Pixelgr\u00f6\u00dfe: 1.85 \u00b5m x 1.85 \u00b5m (Ultra HD Aufl\u00f6sung)\u00a0 \t Sensorgr\u00f6\u00dfe: 7.1 mm x 4.0 mm, equivalent to 1\/2.1&#8220; (Diagonale 8.15 mm)\u00a0 \t Spektralbereich: ca. 400 nm \u2013 700 nm, IR Filter\u00a0 \t Stand-alone-Bildspeicherformat: tiff oder jpg \t Stand-alone-Videostream-Format: mp4\u00a0 \t Live Bildwiederholraten via HDMI: 30 fps @ 4K\/1080p (auch mit HDR)\u00a0 \t Live Bildwiederholraten per Software via Ethernet oder USB3.0 (abh\u00e4ngig von Hardware- und Softwarekonfiguration), Belichtungszeit 1 ms: H x V Bildrate\u00a0\t \t\t 3840 x 2160 bis zu 15 fps (ZEN blue edition)\u00a0 \t\t 1920 x 1080 bis zu 27 fps (ZEN blue edition)\u00a0 \t\t 1920 x 1080 bis zu 30 fps (Labscope)\u00a0 \t \t \t Digitalisierung: 8 Bit\/Pixel\u00a0 \t Belichtungszeit: 0,06 msec bis 1 sec\u00a0 \t Schnittstellen: HDMI f\u00fcr den Monitor USB 3.0 f\u00fcr USB hub, Speicher-Stick, Wi-Fi Adapter oder PC-Verbindung Ethernet (RJ45) f\u00fcr LAN-Verbindung\u00a0 \t Optische Schnittstelle: integrierter Adapter\u00a0 \t Max. Filegr\u00f6\u00dfe pro Bild:\u00a0\t \t\t .tiff bis zu: 24 MB (nicht abgh\u00e4ngig vom Bildinhalt)\u00a0 \t\t .jpg bis zu: 0.5 MB \u2013 3.3 MB (abh\u00e4ngig vom Bildinhalt)\u00a0 \t \t \t Passive K\u00fchlung durch K\u00fchlrippen aus Aluminium auf der Deckplatte\u00a0 \t Umgebungsbedingungen: +10\u00b0 &#8230; +40\u00b0 Celsius, max. 75% relative Luftfeuchtigkeit, nicht kondensierend, freie Luftzirkulation erforderlich\u00a0 \t Unterst\u00fctzte Betriebssysteme:\u00a0\t \t\t f\u00fcr ZEN: Windows 10 x64 Prof.\/Ultimate und h\u00f6her\u00a0 \t\t f\u00fcr Labscope: Windows 7\/10 x64 Prof.\/Ultimate und iOS v11 und h\u00f6her\u00a0 \t \t \t Unterst\u00fctzte Anwendungssoftware:\u00a0\t \t\t ZEN blue v3.0 und h\u00f6her (beinhaltet ZEN lite\/pro\/system)\u00a0 \t\t ZEN core v2.7 und h\u00f6her (beinhaltet ZEN starter\/core)\u00a0 \t\t Labscope v2.9 (Win) v2.8.3 (iOS) und h\u00f6her\u00a0 \t \t \t TWAIN Plugin: Zusatzprogramm zur Steuerung der Kamera durch Anwendungssoftware von Drittanbietern\u00a0 \t Die Kamera ist netzwerkf\u00e4hig und kann mit der Zeiss iOS App und Labscope verwendet werden.\u00a0 \t Die App ist verf\u00fcgbar als kostenloser Download im Apple App Store.<\/p>\n","protected":false},"excerpt":{"rendered":"<p>Spezifikation Kamera\u00a0 Sensortyp: Sony CMOS Farbsensor mit Rolling Shutter Anzahl der Pixel: 3840 (H) x 2160 (V) = 8.3MP, Ultra HD (4K) Selektierbare Aufl\u00f6sungen: 3840 x 2160= Ultra HD (4K) und 1920 x 1080 = Full HD (1080p)\u00a0 Pixelgr\u00f6\u00dfe: 1.85 \u00b5m x 1.85 \u00b5m (Ultra HD Aufl\u00f6sung)\u00a0 Sensorgr\u00f6\u00dfe: 7.1 mm x 4.0 mm, equivalent to [&hellip;]<\/p>\n","protected":false},"featured_media":0,"comment_status":"open","ping_status":"closed","template":"","meta":[],"product_brand":[],"product_cat":[15],"product_tag":[],"class_list":{"0":"post-861","1":"product","2":"type-product","3":"status-publish","5":"product_cat-unkategorisiert","7":"first","8":"instock","9":"taxable","10":"shipping-taxable","11":"purchasable","12":"product-type-simple"},"jetpack_sharing_enabled":true,"_links":{"self":[{"href":"https:\/\/test.pulchlorenz.de\/index.php?rest_route=\/wp\/v2\/product\/861","targetHints":{"allow":["GET"]}}],"collection":[{"href":"https:\/\/test.pulchlorenz.de\/index.php?rest_route=\/wp\/v2\/product"}],"about":[{"href":"https:\/\/test.pulchlorenz.de\/index.php?rest_route=\/wp\/v2\/types\/product"}],"replies":[{"embeddable":true,"href":"https:\/\/test.pulchlorenz.de\/index.php?rest_route=%2Fwp%2Fv2%2Fcomments&post=861"}],"wp:attachment":[{"href":"https:\/\/test.pulchlorenz.de\/index.php?rest_route=%2Fwp%2Fv2%2Fmedia&parent=861"}],"wp:term":[{"taxonomy":"product_brand","embeddable":true,"href":"https:\/\/test.pulchlorenz.de\/index.php?rest_route=%2Fwp%2Fv2%2Fproduct_brand&post=861"},{"taxonomy":"product_cat","embeddable":true,"href":"https:\/\/test.pulchlorenz.de\/index.php?rest_route=%2Fwp%2Fv2%2Fproduct_cat&post=861"},{"taxonomy":"product_tag","embeddable":true,"href":"https:\/\/test.pulchlorenz.de\/index.php?rest_route=%2Fwp%2Fv2%2Fproduct_tag&post=861"}],"curies":[{"name":"wp","href":"https:\/\/api.w.org\/{rel}","templated":true}]}}