{"id":862,"date":"2023-03-21T16:07:20","date_gmt":"2023-03-21T16:07:20","guid":{"rendered":"https:\/\/test.pulchlorenz.de\/?product=zen-toolkit-2d"},"modified":"2023-03-21T16:07:20","modified_gmt":"2023-03-21T16:07:20","slug":"zen-toolkit-2d","status":"publish","type":"product","link":"https:\/\/test.pulchlorenz.de\/?product=zen-toolkit-2d","title":{"rendered":"ZEN Toolkit 2D"},"content":{"rendered":"<p>Erstellen Sie flexible automatische Messprogramme f\u00fcr die Analyse Ihrer 2D-Bilder. Definieren Sie in wenigen Schritten ein automatisches Messprogramm zur Analyse Ihrer Datens\u00e4tze (z. B. Zeitreihen, Kachelaufnahmen und Multiszenenbilder). Ein benutzerfreundlicher Assistent f\u00fchrt Sie durch alle notwendigen Einstellungen beginnend mit der Definition der Klassen, \u00fcber die Segmentierung der Objekte bis hin zur Auswahl der Messparameter. Erzeugen einfache Messprogramme mit einer einzigen Klasse oder setzen sie m\u00e4chtige Messprogramme mit mehreren Klassen auf, welche sie auch hierarchisch anordnen k\u00f6nnen (Objekte innerhalb von Objekten) oder Sie verwenden das vordefinierte Einflusszonen-Messprogramm* falls Sie Objekte in der Peripherie anderer Objekte detektieren m\u00f6chten. W\u00e4hlen Sie zur Segmentierung jeder einzelnen Klasse flexibel zwischen verschiedenen klassischen und KI-basierten Methoden. Insbesondere bei schwierig zu segmentierenden Datens\u00e4tzen k\u00f6nnen Sie die Ergebnisse durch KI-Modelle verbessern (unterst\u00fctzt werden sowohl Semantische- als auch Instanzsegmentierung). Dieses Toolkit ist AI-ready&#8220;, d.h. Sie k\u00f6nnen zuvor trainierte KI-Modelle im Analyseprogramm verwenden, ohne eine weitere Lizenz zu ben\u00f6tigen. Laden Sie dazu einfach ein mit dem ZEN Toolkit AI in ZEN oder ZEN core trainiertes Modell in den Bildanalyse- Assistenten, oder verwenden Sie ein in apeer trainiertes DNN. Falls n\u00f6tig, verfeinern Sie im Anschluss daran die Ergebnisse weiter<\/p>\n","protected":false},"excerpt":{"rendered":"<p>Erstellen Sie flexible automatische Messprogramme f\u00fcr die Analyse Ihrer 2D-Bilder. Definieren Sie in wenigen Schritten ein automatisches Messprogramm zur Analyse Ihrer Datens\u00e4tze (z. B. Zeitreihen, Kachelaufnahmen und Multiszenenbilder). Ein benutzerfreundlicher Assistent f\u00fchrt Sie durch alle notwendigen Einstellungen beginnend mit der Definition der Klassen, \u00fcber die Segmentierung der Objekte bis hin zur Auswahl der Messparameter. Erzeugen [&hellip;]<\/p>\n","protected":false},"featured_media":0,"comment_status":"open","ping_status":"closed","template":"","meta":[],"product_brand":[],"product_cat":[15],"product_tag":[],"class_list":{"0":"post-862","1":"product","2":"type-product","3":"status-publish","5":"product_cat-unkategorisiert","7":"first","8":"instock","9":"taxable","10":"shipping-taxable","11":"purchasable","12":"product-type-simple"},"jetpack_sharing_enabled":true,"_links":{"self":[{"href":"https:\/\/test.pulchlorenz.de\/index.php?rest_route=\/wp\/v2\/product\/862","targetHints":{"allow":["GET"]}}],"collection":[{"href":"https:\/\/test.pulchlorenz.de\/index.php?rest_route=\/wp\/v2\/product"}],"about":[{"href":"https:\/\/test.pulchlorenz.de\/index.php?rest_route=\/wp\/v2\/types\/product"}],"replies":[{"embeddable":true,"href":"https:\/\/test.pulchlorenz.de\/index.php?rest_route=%2Fwp%2Fv2%2Fcomments&post=862"}],"wp:attachment":[{"href":"https:\/\/test.pulchlorenz.de\/index.php?rest_route=%2Fwp%2Fv2%2Fmedia&parent=862"}],"wp:term":[{"taxonomy":"product_brand","embeddable":true,"href":"https:\/\/test.pulchlorenz.de\/index.php?rest_route=%2Fwp%2Fv2%2Fproduct_brand&post=862"},{"taxonomy":"product_cat","embeddable":true,"href":"https:\/\/test.pulchlorenz.de\/index.php?rest_route=%2Fwp%2Fv2%2Fproduct_cat&post=862"},{"taxonomy":"product_tag","embeddable":true,"href":"https:\/\/test.pulchlorenz.de\/index.php?rest_route=%2Fwp%2Fv2%2Fproduct_tag&post=862"}],"curies":[{"name":"wp","href":"https:\/\/api.w.org\/{rel}","templated":true}]}}