{"id":885,"date":"2023-03-21T16:07:22","date_gmt":"2023-03-21T16:07:22","guid":{"rendered":"https:\/\/test.pulchlorenz.de\/?product=eyemag-light-ii"},"modified":"2023-03-21T16:07:22","modified_gmt":"2023-03-21T16:07:22","slug":"eyemag-light-ii","status":"publish","type":"product","link":"https:\/\/test.pulchlorenz.de\/?product=eyemag-light-ii","title":{"rendered":"EyeMag Light II"},"content":{"rendered":"<p>Das kompakte, mobile und ergonomische Design bietet optimalen Komfort f\u00fcr den t\u00e4glichen Einsatz bei verschiedensten Anwendungen. Im Gegensatz zu Beleuchtungen mit konventioneller Linsenanordnung bietet die EyeMag Light II mit Ihrem klar definierten Leuchtfeld eine nahezu komplett homogene und kraftvolle Ausleuchtung \u00fcber das gesamte Sehfeld Ihrer ZEISS Lupe.  Die Steuerung der Beleuchtungsst\u00e4rke erfolgt \u00fcber einen 3-stufigen Einknopf-Regelung. \u00dcber eine Ladeanzeige haben Sie den Akkuzustand im Blick.  Akkulaufzeit zwischen 4 Stunden (bei 100% Beleuchtungsst\u00e4rke) und 6,5 Stunden (bei 33% Beleuchtungsst\u00e4rke). Akkuladedauer 2-3 Stunden.  Lieferumfang: EyeMag Light II, zwei Akkus, Akkuladeger\u00e4t, Orangefilter, Softcase<\/p>\n","protected":false},"excerpt":{"rendered":"<p>Das kompakte, mobile und ergonomische Design bietet optimalen Komfort f\u00fcr den t\u00e4glichen Einsatz bei verschiedensten Anwendungen. Im Gegensatz zu Beleuchtungen mit konventioneller Linsenanordnung bietet die EyeMag Light II mit Ihrem klar definierten Leuchtfeld eine nahezu komplett homogene und kraftvolle Ausleuchtung \u00fcber das gesamte Sehfeld Ihrer ZEISS Lupe. Die Steuerung der Beleuchtungsst\u00e4rke erfolgt \u00fcber einen 3-stufigen [&hellip;]<\/p>\n","protected":false},"featured_media":0,"comment_status":"open","ping_status":"closed","template":"","meta":[],"product_brand":[],"product_cat":[15],"product_tag":[],"class_list":{"0":"post-885","1":"product","2":"type-product","3":"status-publish","5":"product_cat-unkategorisiert","7":"first","8":"instock","9":"taxable","10":"shipping-taxable","11":"purchasable","12":"product-type-simple"},"jetpack_sharing_enabled":true,"_links":{"self":[{"href":"https:\/\/test.pulchlorenz.de\/index.php?rest_route=\/wp\/v2\/product\/885","targetHints":{"allow":["GET"]}}],"collection":[{"href":"https:\/\/test.pulchlorenz.de\/index.php?rest_route=\/wp\/v2\/product"}],"about":[{"href":"https:\/\/test.pulchlorenz.de\/index.php?rest_route=\/wp\/v2\/types\/product"}],"replies":[{"embeddable":true,"href":"https:\/\/test.pulchlorenz.de\/index.php?rest_route=%2Fwp%2Fv2%2Fcomments&post=885"}],"wp:attachment":[{"href":"https:\/\/test.pulchlorenz.de\/index.php?rest_route=%2Fwp%2Fv2%2Fmedia&parent=885"}],"wp:term":[{"taxonomy":"product_brand","embeddable":true,"href":"https:\/\/test.pulchlorenz.de\/index.php?rest_route=%2Fwp%2Fv2%2Fproduct_brand&post=885"},{"taxonomy":"product_cat","embeddable":true,"href":"https:\/\/test.pulchlorenz.de\/index.php?rest_route=%2Fwp%2Fv2%2Fproduct_cat&post=885"},{"taxonomy":"product_tag","embeddable":true,"href":"https:\/\/test.pulchlorenz.de\/index.php?rest_route=%2Fwp%2Fv2%2Fproduct_tag&post=885"}],"curies":[{"name":"wp","href":"https:\/\/api.w.org\/{rel}","templated":true}]}}