{"id":921,"date":"2023-03-21T16:07:29","date_gmt":"2023-03-21T16:07:29","guid":{"rendered":"https:\/\/test.pulchlorenz.de\/?product=flexi-bodenstativ-mit-kugelkopf-und-led-doppelspot"},"modified":"2023-03-21T16:07:29","modified_gmt":"2023-03-21T16:07:29","slug":"flexi-bodenstativ-mit-kugelkopf-und-led-doppelspot","status":"publish","type":"product","link":"https:\/\/test.pulchlorenz.de\/?product=flexi-bodenstativ-mit-kugelkopf-und-led-doppelspot","title":{"rendered":"Flexi Bodenstativ mit Kugelkopf und LED-Doppelspot"},"content":{"rendered":"<p>Stabilit\u00e4t und Flexibilit\u00e4t stellen f\u00fcr uns keinen Widerspruch dar.  Unser Bodenstativ verbindet flexibles und variables Arbeiten mit dem h\u00f6chsten Anspruch an Stabilit\u00e4t und Pr\u00e4zision beim Mikroskopieren. Eine ergonomische Arbeitsumgebung bleibt bei der Restaurierung an wechselnden Orten, \u00fcber Kopf, an unzug\u00e4nglichen Stellen ebenso gew\u00e4hrleistet wie bei der Versorgung mehrer Arbeitspl\u00e4tze mit einem variablen Mikroskopsystem.  Dank seiner vier arretierbaren Doppelrollen hat das Stativ auf jedem Untergrund einen sicheren Halt. Der Federgelenkarm l\u00e4sst sich auf das Gewicht des Mikroskopes einstellen und ist ebenso in jeder Lage arretierbar. Mit 51 kg Gesamtgewicht garantiert das Bodenstativ die Stabilit\u00e4t, die Sie von fest montierten Stativsystemen gewohnt sind, und dennoch l\u00e4sst es sich schnell demontieren und transportieren.   Falls Sie weitere Informationen\u00a0 oder eine Vorf\u00fchrung w\u00fcnschen,\u00a0 z\u00f6gern Sie nicht, uns zu kontaktieren.   \u00a0  \t gefertigt aus Edelstahl mit hochwertigen Lagern um h\u00f6chste Stabilit\u00e4t zu garantieren. \t 4 arretierbare Doppel-Rollen f\u00fcr hohe Standfestigkeit und leichtes Bewegen bei Bodenunebenheiten. \t Variabel verstellbare S\u00e4ulen f\u00fcr alternatives Arbeiten in verschiedenen H\u00f6hen. \t Hinterrohr mit entgegen gesetzter Halteplatte f\u00fcr Kaltlichtquelle. \t Justierbare Feder \u2013 einstellbar auf das Gewicht des Mikroskopes. \t Arretierung des Federgelenkarmes in jeder Lage m\u00f6glich. \t Federgelenkarm kann schnell und einfach von h\u00e4ngender in stehender Ausf\u00fchrung umgebaut werden: \t Arbeitsbereich h\u00e4ngende Ausf\u00fchrung von 500 mm bis 1320 mm, \t Arbeitsbereich stehende Ausf\u00fchrung von 905 mm bis 1770 mm \t Mit geringem Aufwand optionale Montage als Tischstativ m\u00f6glich. \t F\u00fcr liegende, flache, stehende, h\u00e4ngende, senkrechte und schr\u00e4ge Objekte geeignet. \t Einfache Demontage und somit leichter Transport.    bestehend aus:  \t Flexi-Bodenstatv \t Flexi-Kugelkopf \t Stemitr\u00e4ger mit Trieb \t LED-Doppelspot \t Kabelkanal \t Staubschutzh\u00fclle<\/p>\n","protected":false},"excerpt":{"rendered":"<p>Stabilit\u00e4t und Flexibilit\u00e4t stellen f\u00fcr uns keinen Widerspruch dar. Unser Bodenstativ verbindet flexibles und variables Arbeiten mit dem h\u00f6chsten Anspruch an Stabilit\u00e4t und Pr\u00e4zision beim Mikroskopieren. Eine ergonomische Arbeitsumgebung bleibt bei der Restaurierung an wechselnden Orten, \u00fcber Kopf, an unzug\u00e4nglichen Stellen ebenso gew\u00e4hrleistet wie bei der Versorgung mehrer Arbeitspl\u00e4tze mit einem variablen Mikroskopsystem. Dank seiner [&hellip;]<\/p>\n","protected":false},"featured_media":0,"comment_status":"open","ping_status":"closed","template":"","meta":[],"product_brand":[],"product_cat":[15],"product_tag":[],"class_list":{"0":"post-921","1":"product","2":"type-product","3":"status-publish","5":"product_cat-unkategorisiert","7":"first","8":"instock","9":"taxable","10":"shipping-taxable","11":"purchasable","12":"product-type-simple"},"jetpack_sharing_enabled":true,"_links":{"self":[{"href":"https:\/\/test.pulchlorenz.de\/index.php?rest_route=\/wp\/v2\/product\/921","targetHints":{"allow":["GET"]}}],"collection":[{"href":"https:\/\/test.pulchlorenz.de\/index.php?rest_route=\/wp\/v2\/product"}],"about":[{"href":"https:\/\/test.pulchlorenz.de\/index.php?rest_route=\/wp\/v2\/types\/product"}],"replies":[{"embeddable":true,"href":"https:\/\/test.pulchlorenz.de\/index.php?rest_route=%2Fwp%2Fv2%2Fcomments&post=921"}],"wp:attachment":[{"href":"https:\/\/test.pulchlorenz.de\/index.php?rest_route=%2Fwp%2Fv2%2Fmedia&parent=921"}],"wp:term":[{"taxonomy":"product_brand","embeddable":true,"href":"https:\/\/test.pulchlorenz.de\/index.php?rest_route=%2Fwp%2Fv2%2Fproduct_brand&post=921"},{"taxonomy":"product_cat","embeddable":true,"href":"https:\/\/test.pulchlorenz.de\/index.php?rest_route=%2Fwp%2Fv2%2Fproduct_cat&post=921"},{"taxonomy":"product_tag","embeddable":true,"href":"https:\/\/test.pulchlorenz.de\/index.php?rest_route=%2Fwp%2Fv2%2Fproduct_tag&post=921"}],"curies":[{"name":"wp","href":"https:\/\/api.w.org\/{rel}","templated":true}]}}