{"id":949,"date":"2023-03-21T16:07:34","date_gmt":"2023-03-21T16:07:34","guid":{"rendered":"https:\/\/test.pulchlorenz.de\/?product=primostar-3-fix-k-bi-sf20-4-pos-3"},"modified":"2023-03-21T16:07:34","modified_gmt":"2023-03-21T16:07:34","slug":"primostar-3-fix-k-bi-sf20-4-pos-3","status":"publish","type":"product","link":"https:\/\/test.pulchlorenz.de\/?product=primostar-3-fix-k-bi-sf20-4-pos-3","title":{"rendered":"Primostar 3, Fix-K, Bi, SF20, 4 Pos."},"content":{"rendered":"<p>Komplettausr\u00fcstung mit Stativ Fixed-K\u00f6hler mit Griff einschlie\u00dflich  \t Durchlichtbeleuchtung LED 1W Wei\u00dflicht, 5700K\u00a0 \t Objektivrevolver 4-fach, nach hinten geneigt\u00a0 \t Kreuztisch 75&#215;40, Trieb rechtsund Objekthalter f\u00fcr einen Objekttr\u00e4ger mit Federhebel links\u00a0 \t binokularem Tubus 25\u00b0\/20\u00a0 \t Okularen 10x\/20 Br. foc. mit Augenmuscheln, 1x mit Zeiger\u00a0 \t Objektiven iPlan-Achromat 10x Ph1, 20x Ph2, 40x Ph2, 100x Oil Ph3 \t Abbe-Kondensor 0,9\/1,25 mit Slot\u00a0 \t Schieber H, Ph1, Ph2, Ph3 \t 5V USB-Anschluss\u00a0 \t l\u00e4nderspezifische Netzleitung\u00a0 \t Staubschutzh\u00fclle \t 5 Jahre Garantie<\/p>\n","protected":false},"excerpt":{"rendered":"<p>Komplettausr\u00fcstung mit Stativ Fixed-K\u00f6hler mit Griff einschlie\u00dflich Durchlichtbeleuchtung LED 1W Wei\u00dflicht, 5700K\u00a0 Objektivrevolver 4-fach, nach hinten geneigt\u00a0 Kreuztisch 75&#215;40, Trieb rechtsund Objekthalter f\u00fcr einen Objekttr\u00e4ger mit Federhebel links\u00a0 binokularem Tubus 25\u00b0\/20\u00a0 Okularen 10x\/20 Br. foc. mit Augenmuscheln, 1x mit Zeiger\u00a0 Objektiven iPlan-Achromat 10x Ph1, 20x Ph2, 40x Ph2, 100x Oil Ph3 Abbe-Kondensor 0,9\/1,25 mit Slot\u00a0 [&hellip;]<\/p>\n","protected":false},"featured_media":0,"comment_status":"open","ping_status":"closed","template":"","meta":[],"product_brand":[],"product_cat":[15],"product_tag":[],"class_list":{"0":"post-949","1":"product","2":"type-product","3":"status-publish","5":"product_cat-unkategorisiert","7":"first","8":"instock","9":"taxable","10":"shipping-taxable","11":"purchasable","12":"product-type-simple"},"jetpack_sharing_enabled":true,"_links":{"self":[{"href":"https:\/\/test.pulchlorenz.de\/index.php?rest_route=\/wp\/v2\/product\/949","targetHints":{"allow":["GET"]}}],"collection":[{"href":"https:\/\/test.pulchlorenz.de\/index.php?rest_route=\/wp\/v2\/product"}],"about":[{"href":"https:\/\/test.pulchlorenz.de\/index.php?rest_route=\/wp\/v2\/types\/product"}],"replies":[{"embeddable":true,"href":"https:\/\/test.pulchlorenz.de\/index.php?rest_route=%2Fwp%2Fv2%2Fcomments&post=949"}],"wp:attachment":[{"href":"https:\/\/test.pulchlorenz.de\/index.php?rest_route=%2Fwp%2Fv2%2Fmedia&parent=949"}],"wp:term":[{"taxonomy":"product_brand","embeddable":true,"href":"https:\/\/test.pulchlorenz.de\/index.php?rest_route=%2Fwp%2Fv2%2Fproduct_brand&post=949"},{"taxonomy":"product_cat","embeddable":true,"href":"https:\/\/test.pulchlorenz.de\/index.php?rest_route=%2Fwp%2Fv2%2Fproduct_cat&post=949"},{"taxonomy":"product_tag","embeddable":true,"href":"https:\/\/test.pulchlorenz.de\/index.php?rest_route=%2Fwp%2Fv2%2Fproduct_tag&post=949"}],"curies":[{"name":"wp","href":"https:\/\/api.w.org\/{rel}","templated":true}]}}