{"id":986,"date":"2023-03-21T16:07:40","date_gmt":"2023-03-21T16:07:40","guid":{"rendered":"https:\/\/test.pulchlorenz.de\/?product=kalibrier-objekttraeger-universal-d0"},"modified":"2023-03-21T16:07:40","modified_gmt":"2023-03-21T16:07:40","slug":"kalibrier-objekttraeger-universal-d0","status":"publish","type":"product","link":"https:\/\/test.pulchlorenz.de\/?product=kalibrier-objekttraeger-universal-d0","title":{"rendered":"Kalibrier-Objekttr\u00e4ger Universal D=0"},"content":{"rendered":"<p>ohne Deckglas; Positivausf\u00fchrung  \t hochpr\u00e4zises Wiederfinden von Objekten \t Lage der Referenzmarke relativ zur linken und oberen Objekttr\u00e4gerkante X=38mm\/Y=13mm, +\/- 5\u00b5m \t Linie mit 50mm L\u00e4nge zur Parallelit\u00e4tskontrolle \t Objektmikrometer-Funktion Mikro und Stemi: 5 Linien mit 1mm Intervallen in y-Richtung 100 Linien mit 1\/100mm Intervallen in y-Richtung 25 Linien mit 1mm Intervallen in x-Richtung 50 Linien mit 1\/10mm Intervallen in x-Richtung \t Kreisfl\u00e4chen mit Durchmesser 2,5\/1,0\/0,5\/0,1\/0,05\/0,01mm \t konzentrische Rechtecke 8&#215;6\/4&#215;3\/2&#215;1,5\/1&#215;0,75mm<\/p>\n","protected":false},"excerpt":{"rendered":"<p>ohne Deckglas; Positivausf\u00fchrung hochpr\u00e4zises Wiederfinden von Objekten Lage der Referenzmarke relativ zur linken und oberen Objekttr\u00e4gerkante X=38mm\/Y=13mm, +\/- 5\u00b5m Linie mit 50mm L\u00e4nge zur Parallelit\u00e4tskontrolle Objektmikrometer-Funktion Mikro und Stemi: 5 Linien mit 1mm Intervallen in y-Richtung 100 Linien mit 1\/100mm Intervallen in y-Richtung 25 Linien mit 1mm Intervallen in x-Richtung 50 Linien mit 1\/10mm Intervallen [&hellip;]<\/p>\n","protected":false},"featured_media":0,"comment_status":"open","ping_status":"closed","template":"","meta":[],"product_brand":[],"product_cat":[15],"product_tag":[],"class_list":{"0":"post-986","1":"product","2":"type-product","3":"status-publish","5":"product_cat-unkategorisiert","7":"first","8":"instock","9":"taxable","10":"shipping-taxable","11":"purchasable","12":"product-type-simple"},"jetpack_sharing_enabled":true,"_links":{"self":[{"href":"https:\/\/test.pulchlorenz.de\/index.php?rest_route=\/wp\/v2\/product\/986","targetHints":{"allow":["GET"]}}],"collection":[{"href":"https:\/\/test.pulchlorenz.de\/index.php?rest_route=\/wp\/v2\/product"}],"about":[{"href":"https:\/\/test.pulchlorenz.de\/index.php?rest_route=\/wp\/v2\/types\/product"}],"replies":[{"embeddable":true,"href":"https:\/\/test.pulchlorenz.de\/index.php?rest_route=%2Fwp%2Fv2%2Fcomments&post=986"}],"wp:attachment":[{"href":"https:\/\/test.pulchlorenz.de\/index.php?rest_route=%2Fwp%2Fv2%2Fmedia&parent=986"}],"wp:term":[{"taxonomy":"product_brand","embeddable":true,"href":"https:\/\/test.pulchlorenz.de\/index.php?rest_route=%2Fwp%2Fv2%2Fproduct_brand&post=986"},{"taxonomy":"product_cat","embeddable":true,"href":"https:\/\/test.pulchlorenz.de\/index.php?rest_route=%2Fwp%2Fv2%2Fproduct_cat&post=986"},{"taxonomy":"product_tag","embeddable":true,"href":"https:\/\/test.pulchlorenz.de\/index.php?rest_route=%2Fwp%2Fv2%2Fproduct_tag&post=986"}],"curies":[{"name":"wp","href":"https:\/\/api.w.org\/{rel}","templated":true}]}}