{"id":994,"date":"2023-03-21T16:07:42","date_gmt":"2023-03-21T16:07:42","guid":{"rendered":"https:\/\/test.pulchlorenz.de\/?product=kodiertes-reflektormodul-fl-ec-acr-pampc"},"modified":"2023-03-21T16:07:42","modified_gmt":"2023-03-21T16:07:42","slug":"kodiertes-reflektormodul-fl-ec-acr-pampc","status":"publish","type":"product","link":"https:\/\/test.pulchlorenz.de\/?product=kodiertes-reflektormodul-fl-ec-acr-pampc","title":{"rendered":"kodiertes Reflektormodul FL EC ACR P&amp;amp;C"},"content":{"rendered":"<p>Leeres kodiertes Modul f\u00fcr Fluoreszenzanwendungen, mit Aufnahme f\u00fcr Anregungsfilter, Strahlenteiler und Emmisionsfilter.  Reflexvermeidung durch geneigte Aufnahme f\u00fcr Emissionsfilter,  max. Filterdicke 5 mm   Kompatible Mikroskope:  \t Axio Examiner.A1 \t Axio Examiner.D1 \t Axio Examiner.Z1 \t Axio Imager.A1 \t Axio Imager.A2 \t Axio Imager.D1 \t Axio Imager.D2 \t Axio Imager.M1 \t Axio Imager.M2 \t Axio Imager.Z1 \t Axio Imager.Z2 \t Axio Lab.A1 \t Axio Observer.A1 \t Axio Observer.D1 \t Axio Observer.Z1 \t Axio Scan.Z1 \t Axio Scope.A1 \t Axio Vert.A1 FL \t Axio Vert.A1 MAT \t Axiolab \t Axioplan 2 Imaging \t Axioskop 2 Plus \t Axioskop 40 FL \t Axiostar \t Axiostar plus \t Axiostar plus FL \t Axiovert 135 \t Axiovert 200 \t Axiovert 40 C \t Axioscope 5 \t Axioscope 7 \t Axiolab 5<\/p>\n","protected":false},"excerpt":{"rendered":"<p>Leeres kodiertes Modul f\u00fcr Fluoreszenzanwendungen, mit Aufnahme f\u00fcr Anregungsfilter, Strahlenteiler und Emmisionsfilter. Reflexvermeidung durch geneigte Aufnahme f\u00fcr Emissionsfilter, max. Filterdicke 5 mm Kompatible Mikroskope: Axio Examiner.A1 Axio Examiner.D1 Axio Examiner.Z1 Axio Imager.A1 Axio Imager.A2 Axio Imager.D1 Axio Imager.D2 Axio Imager.M1 Axio Imager.M2 Axio Imager.Z1 Axio Imager.Z2 Axio Lab.A1 Axio Observer.A1 Axio Observer.D1 Axio Observer.Z1 Axio [&hellip;]<\/p>\n","protected":false},"featured_media":0,"comment_status":"open","ping_status":"closed","template":"","meta":[],"product_brand":[],"product_cat":[15],"product_tag":[],"class_list":{"0":"post-994","1":"product","2":"type-product","3":"status-publish","5":"product_cat-unkategorisiert","7":"first","8":"instock","9":"taxable","10":"shipping-taxable","11":"purchasable","12":"product-type-simple"},"jetpack_sharing_enabled":true,"_links":{"self":[{"href":"https:\/\/test.pulchlorenz.de\/index.php?rest_route=\/wp\/v2\/product\/994","targetHints":{"allow":["GET"]}}],"collection":[{"href":"https:\/\/test.pulchlorenz.de\/index.php?rest_route=\/wp\/v2\/product"}],"about":[{"href":"https:\/\/test.pulchlorenz.de\/index.php?rest_route=\/wp\/v2\/types\/product"}],"replies":[{"embeddable":true,"href":"https:\/\/test.pulchlorenz.de\/index.php?rest_route=%2Fwp%2Fv2%2Fcomments&post=994"}],"wp:attachment":[{"href":"https:\/\/test.pulchlorenz.de\/index.php?rest_route=%2Fwp%2Fv2%2Fmedia&parent=994"}],"wp:term":[{"taxonomy":"product_brand","embeddable":true,"href":"https:\/\/test.pulchlorenz.de\/index.php?rest_route=%2Fwp%2Fv2%2Fproduct_brand&post=994"},{"taxonomy":"product_cat","embeddable":true,"href":"https:\/\/test.pulchlorenz.de\/index.php?rest_route=%2Fwp%2Fv2%2Fproduct_cat&post=994"},{"taxonomy":"product_tag","embeddable":true,"href":"https:\/\/test.pulchlorenz.de\/index.php?rest_route=%2Fwp%2Fv2%2Fproduct_tag&post=994"}],"curies":[{"name":"wp","href":"https:\/\/api.w.org\/{rel}","templated":true}]}}